{"id":1117,"date":"2016-05-17T10:28:53","date_gmt":"2016-05-17T10:28:53","guid":{"rendered":"https:\/\/french.cpnn-world.org\/?page_id=1117"},"modified":"2025-11-17T16:00:32","modified_gmt":"2025-11-17T15:00:32","slug":"chercher","status":"publish","type":"page","link":"https:\/\/french.cpnn-world.org\/?page_id=1117","title":{"rendered":"Chercher"},"content":{"rendered":"<p>Pour rechercher des articles en fran\u00e7ais publi\u00e9s apr\u00e8s 2014, saisissez un mot-cl\u00e9 dans la loupe situ\u00e9e \u00e0 droite du menu.<\/p>\n<p>Pour rechercher tous les articles par th\u00e8me, quelle que soit leur date de publication, consultez <a href=\"https:\/\/english.cpnn-world.org\/?p=14310\" target=\"none\">la liste des sujets de discussion<\/a>. <\/p>\n<p>Pour les articles sur ce th\u00e8me en fran\u00e7ais publi\u00e9s apr\u00e8s 2014, vous pouvez les consulter en acc\u00e9dant \u00e0 l&#8217;article en anglais. Si une version fran\u00e7aise existe, le lien se trouve \u00e0 la fin de l&#8217;article en anglais.<\/p>\n<p>Tous les articles sur ce th\u00e8me publi\u00e9s en fran\u00e7ais avant 2015 sont list\u00e9s en bas de la page de discussion, avec les instructions pour y acc\u00e9der.<\/p>\n","protected":false},"excerpt":{"rendered":"<p>Pour rechercher des articles en fran\u00e7ais publi\u00e9s apr\u00e8s 2014, saisissez un mot-cl\u00e9 dans la loupe situ\u00e9e \u00e0 droite du menu. Pour rechercher tous les articles par th\u00e8me, quelle que soit leur date de publication, consultez la liste des sujets de discussion. Pour les articles sur ce th\u00e8me en fran\u00e7ais publi\u00e9s apr\u00e8s 2014, vous pouvez les &hellip; <a href=\"https:\/\/french.cpnn-world.org\/?page_id=1117\" class=\"more-link\">Continue reading <span class=\"screen-reader-text\">Chercher<\/span> <span class=\"meta-nav\">&rarr;<\/span><\/a><\/p>\n","protected":false},"author":1,"featured_media":0,"parent":0,"menu_order":0,"comment_status":"closed","ping_status":"closed","template":"","meta":{"footnotes":""},"class_list":["post-1117","page","type-page","status-publish","hentry"],"_links":{"self":[{"href":"https:\/\/french.cpnn-world.org\/index.php?rest_route=\/wp\/v2\/pages\/1117","targetHints":{"allow":["GET"]}}],"collection":[{"href":"https:\/\/french.cpnn-world.org\/index.php?rest_route=\/wp\/v2\/pages"}],"about":[{"href":"https:\/\/french.cpnn-world.org\/index.php?rest_route=\/wp\/v2\/types\/page"}],"author":[{"embeddable":true,"href":"https:\/\/french.cpnn-world.org\/index.php?rest_route=\/wp\/v2\/users\/1"}],"replies":[{"embeddable":true,"href":"https:\/\/french.cpnn-world.org\/index.php?rest_route=%2Fwp%2Fv2%2Fcomments&post=1117"}],"version-history":[{"count":8,"href":"https:\/\/french.cpnn-world.org\/index.php?rest_route=\/wp\/v2\/pages\/1117\/revisions"}],"predecessor-version":[{"id":11089,"href":"https:\/\/french.cpnn-world.org\/index.php?rest_route=\/wp\/v2\/pages\/1117\/revisions\/11089"}],"wp:attachment":[{"href":"https:\/\/french.cpnn-world.org\/index.php?rest_route=%2Fwp%2Fv2%2Fmedia&parent=1117"}],"curies":[{"name":"wp","href":"https:\/\/api.w.org\/{rel}","templated":true}]}}