{"id":1868,"date":"2015-04-14T17:09:44","date_gmt":"2015-04-14T21:09:44","guid":{"rendered":"http:\/\/english.cpnn-world.org\/?page_id=1868"},"modified":"2019-10-11T10:00:46","modified_gmt":"2019-10-11T10:00:46","slug":"articles-de-leducation-pour-la-paix","status":"publish","type":"page","link":"https:\/\/french.cpnn-world.org\/?page_id=1868","title":{"rendered":"Articles de l&#8217;Education pour la Paix"},"content":{"rendered":"<p><em><big>Voici les articles en fran\u00e7ais concernant l&#8217;Education pour la Paix depuis le 1er f\u00e9vrier 2015.<br \/>\nPour voir les pages suivantes, cliquez sur les num\u00e9ros de page en bas.<br \/>\nPour les archives de CPNN de l&#8217;Education pour la Paix avant  le 1er f\u00e9vrier 2015, cliquez <a href=\"http:\/\/cpnn-world.org\/cgi-bin\/read\/programareapage-french.cgi?programarea=education\">ici<\/a>. <\/big><\/em><div class=\"pt-cv-wrapper\"><div class=\"pt-cv-view pt-cv-grid pt-cv-colsys pt-cv-pgregular\" id=\"pt-cv-view-95ba151wiz\"><div data-id=\"pt-cv-page-1\" class=\"pt-cv-page\" data-cvc=\"4\"><div class=\"col-md-3 col-sm-3 col-xs-3 pt-cv-content-item pt-cv-1-col\"  data-pid=\"10939\"><div class='pt-cv-ifield'><a href=\"https:\/\/french.cpnn-world.org\/?p=10939\" class=\"_self pt-cv-href-thumbnail pt-cv-thumb-default cvplbd\" target=\"_self\" ><img decoding=\"async\" width=\"300\" src=\"https:\/\/french.cpnn-world.org\/wp-content\/uploads\/2025\/06\/concert.jpg\" class=\"pt-cv-thumbnail img-none cvp-substitute\" alt=\"Paris : Concert de la Paix \u2013 \u00c9glise Saint-Sulpice\" title=\"\" \/><\/a>\n<h4 class=\"pt-cv-title\"><a href=\"https:\/\/french.cpnn-world.org\/?p=10939\" class=\"_self cvplbd\" target=\"_self\" >Paris : Concert de la Paix \u2013 \u00c9glise Saint-Sulpice<\/a><\/h4>\n<div class=\"pt-cv-meta-fields\"><span class=\"entry-date\"> <time datetime=\"2025-06-06T19:09:30+02:00\">June 6, 2025<\/time><\/span><\/div><\/div><\/div>\n<div class=\"col-md-3 col-sm-3 col-xs-3 pt-cv-content-item pt-cv-1-col\"  data-pid=\"10825\"><div class='pt-cv-ifield'><a href=\"https:\/\/french.cpnn-world.org\/?p=10825\" class=\"_self pt-cv-href-thumbnail pt-cv-thumb-default cvplbd\" target=\"_self\" ><img decoding=\"async\" width=\"300\" src=\"https:\/\/french.cpnn-world.org\/wp-content\/uploads\/2025\/01\/Ituri-300x160.jpg\" class=\"pt-cv-thumbnail img-none cvp-substitute\" alt=\"R\u00e9publique D\u00e9mocratique du Congo: Au moins 450 enfants orphelins initi\u00e9s \u00e0 la culture de la paix et \u00e0 la cohabitation pacifique \u00e0 Bogoro\" title=\"\" \/><\/a>\n<h4 class=\"pt-cv-title\"><a href=\"https:\/\/french.cpnn-world.org\/?p=10825\" class=\"_self cvplbd\" target=\"_self\" >R\u00e9publique D\u00e9mocratique du Congo: Au moins 450 enfants orphelins initi\u00e9s \u00e0 la culture de la paix et \u00e0 la cohabitation pacifique \u00e0 Bogoro<\/a><\/h4>\n<div class=\"pt-cv-meta-fields\"><span class=\"entry-date\"> <time datetime=\"2025-01-05T11:15:20+01:00\">January 5, 2025<\/time><\/span><\/div><\/div><\/div>\n<div class=\"col-md-3 col-sm-3 col-xs-3 pt-cv-content-item pt-cv-1-col\"  data-pid=\"10505\"><div class='pt-cv-ifield'><a href=\"https:\/\/french.cpnn-world.org\/?p=10505\" class=\"_self pt-cv-href-thumbnail pt-cv-thumb-default cvplbd\" target=\"_self\" ><img decoding=\"async\" width=\"300\" src=\"https:\/\/french.cpnn-world.org\/wp-content\/uploads\/2024\/04\/livepeace-300x159.jpg\" class=\"pt-cv-thumbnail img-none cvp-substitute\" alt=\"Live Peace \u2013 concerts et spectacle vivant mondiaux pour la paix\" title=\"\" \/><\/a>\n<h4 class=\"pt-cv-title\"><a href=\"https:\/\/french.cpnn-world.org\/?p=10505\" class=\"_self cvplbd\" target=\"_self\" >Live Peace \u2013 concerts et spectacle vivant mondiaux pour la paix<\/a><\/h4>\n<div class=\"pt-cv-meta-fields\"><span class=\"entry-date\"> <time datetime=\"2024-04-30T02:55:20+02:00\">April 30, 2024<\/time><\/span><\/div><\/div><\/div>\n<div class=\"col-md-3 col-sm-3 col-xs-3 pt-cv-content-item pt-cv-1-col\"  data-pid=\"10479\"><div class='pt-cv-ifield'><a href=\"https:\/\/french.cpnn-world.org\/?p=10479\" class=\"_self pt-cv-href-thumbnail pt-cv-thumb-default cvplbd\" target=\"_self\" ><img decoding=\"async\" width=\"300\" src=\"https:\/\/french.cpnn-world.org\/wp-content\/uploads\/2024\/04\/Vietnam.jpg\" class=\"pt-cv-thumbnail img-none cvp-substitute\" alt=\"L&#039;Orchestre mondial des jeunes fait ses d\u00e9buts au Vietnam avec le projet \u00ab Sound of Brotherhood \u00bb\" title=\"\" \/><\/a>\n<h4 class=\"pt-cv-title\"><a href=\"https:\/\/french.cpnn-world.org\/?p=10479\" class=\"_self cvplbd\" target=\"_self\" >L&#8217;Orchestre mondial des jeunes fait ses d\u00e9buts au Vietnam avec le projet \u00ab Sound of Brotherhood \u00bb<\/a><\/h4>\n<div class=\"pt-cv-meta-fields\"><span class=\"entry-date\"> <time datetime=\"2024-04-12T18:12:28+02:00\">April 12, 2024<\/time><\/span><\/div><\/div><\/div>\n<div class=\"col-md-3 col-sm-3 col-xs-3 pt-cv-content-item pt-cv-1-col\"  data-pid=\"10464\"><div class='pt-cv-ifield'><a href=\"https:\/\/french.cpnn-world.org\/?p=10464\" class=\"_self pt-cv-href-thumbnail pt-cv-thumb-default cvplbd\" target=\"_self\" ><img decoding=\"async\" width=\"300\" src=\"https:\/\/french.cpnn-world.org\/wp-content\/uploads\/2024\/03\/Rennes.jpg\" class=\"pt-cv-thumbnail img-none cvp-substitute\" alt=\"France:  La conf\u00e9rence sur la paix et le climat \u00e0 l&#039;Universit\u00e9 Rennes 2\" title=\"\" \/><\/a>\n<h4 class=\"pt-cv-title\"><a href=\"https:\/\/french.cpnn-world.org\/?p=10464\" class=\"_self cvplbd\" target=\"_self\" >France:  La conf\u00e9rence sur la paix et le climat \u00e0 l&#8217;Universit\u00e9 Rennes 2<\/a><\/h4>\n<div class=\"pt-cv-meta-fields\"><span class=\"entry-date\"> <time datetime=\"2024-03-31T20:05:37+02:00\">March 31, 2024<\/time><\/span><\/div><\/div><\/div>\n<div class=\"col-md-3 col-sm-3 col-xs-3 pt-cv-content-item pt-cv-1-col\"  data-pid=\"10428\"><div class='pt-cv-ifield'><a href=\"https:\/\/french.cpnn-world.org\/?p=10428\" class=\"_self pt-cv-href-thumbnail pt-cv-thumb-default cvplbd\" target=\"_self\" ><img decoding=\"async\" width=\"300\" src=\"https:\/\/french.cpnn-world.org\/wp-content\/uploads\/2024\/03\/jazz.jpg\" class=\"pt-cv-thumbnail img-none cvp-substitute\" alt=\"FIJCA 2024 : Le JAZZ, comme instrument de coh\u00e9sion sociale en C\u00f4te d\u2019ivoire\" title=\"\" \/><\/a>\n<h4 class=\"pt-cv-title\"><a href=\"https:\/\/french.cpnn-world.org\/?p=10428\" class=\"_self cvplbd\" target=\"_self\" >FIJCA 2024 : Le JAZZ, comme instrument de coh\u00e9sion sociale en C\u00f4te d\u2019ivoire<\/a><\/h4>\n<div class=\"pt-cv-meta-fields\"><span class=\"entry-date\"> <time datetime=\"2024-03-23T12:24:18+01:00\">March 23, 2024<\/time><\/span><\/div><\/div><\/div>\n<div class=\"col-md-3 col-sm-3 col-xs-3 pt-cv-content-item pt-cv-1-col\"  data-pid=\"10314\"><div class='pt-cv-ifield'><a href=\"https:\/\/french.cpnn-world.org\/?p=10314\" class=\"_self pt-cv-href-thumbnail pt-cv-thumb-default cvplbd\" target=\"_self\" ><img decoding=\"async\" width=\"300\" src=\"https:\/\/french.cpnn-world.org\/wp-content\/uploads\/2024\/01\/graffiti.jpg\" class=\"pt-cv-thumbnail img-none cvp-substitute\" alt=\"Alg\u00e9rie: Festival national du graffiti-S\u00e9tif; Fethi Mjahed d\u00e9croche le 1er Prix\" title=\"\" \/><\/a>\n<h4 class=\"pt-cv-title\"><a href=\"https:\/\/french.cpnn-world.org\/?p=10314\" class=\"_self cvplbd\" target=\"_self\" >Alg\u00e9rie: Festival national du graffiti-S\u00e9tif; Fethi Mjahed d\u00e9croche le 1er Prix<\/a><\/h4>\n<div class=\"pt-cv-meta-fields\"><span class=\"entry-date\"> <time datetime=\"2024-01-06T15:53:10+01:00\">January 6, 2024<\/time><\/span><\/div><\/div><\/div>\n<div class=\"col-md-3 col-sm-3 col-xs-3 pt-cv-content-item pt-cv-1-col\"  data-pid=\"10245\"><div class='pt-cv-ifield'><a href=\"https:\/\/french.cpnn-world.org\/?p=10245\" class=\"_self pt-cv-href-thumbnail pt-cv-thumb-default cvplbd\" target=\"_self\" ><img decoding=\"async\" width=\"300\" src=\"https:\/\/french.cpnn-world.org\/wp-content\/uploads\/2023\/11\/Ogarit.jpg\" class=\"pt-cv-thumbnail img-none cvp-substitute\" alt=\"Ogarit Younan: \u00ab\u00a0Gaza Maintenant\u00a0!\u00a0\u00bb\" title=\"\" \/><\/a>\n<h4 class=\"pt-cv-title\"><a href=\"https:\/\/french.cpnn-world.org\/?p=10245\" class=\"_self cvplbd\" target=\"_self\" >Ogarit Younan: \u00ab\u00a0Gaza Maintenant\u00a0!\u00a0\u00bb<\/a><\/h4>\n<div class=\"pt-cv-meta-fields\"><span class=\"entry-date\"> <time datetime=\"2023-11-13T05:45:51+01:00\">November 13, 2023<\/time><\/span><\/div><\/div><\/div><\/div><\/div>\n<div class=\"text-left pt-cv-pagination-wrapper\"><ul class=\"pt-cv-pagination pt-cv-ajax pagination\" data-totalpages=\"9\" data-currentpage=\"1\" data-sid=\"95ba151wiz\" data-unid=\"\" data-isblock=\"\" data-postid=\"\"><li class=\"active\"><a href=\"#\">1<\/a><\/li>\n\t<li ><a class=\"\" href=\"https:\/\/french.cpnn-world.org\/index.php\/?_page=2&#038;rest_route=%2Fwp%2Fv2%2Fpages%2F1868\">2<\/a><\/li>\n\t<li ><a class=\"\" href=\"https:\/\/french.cpnn-world.org\/index.php\/?_page=3&#038;rest_route=%2Fwp%2Fv2%2Fpages%2F1868\">3<\/a><\/li>\n\t<li ><a href=\"#\">&hellip;<\/a><\/li>\n\t<li ><a class=\"\" href=\"https:\/\/french.cpnn-world.org\/index.php\/?_page=9&#038;rest_route=%2Fwp%2Fv2%2Fpages%2F1868\">9<\/a><\/li>\n\t<li ><a class=\" \" href=\"https:\/\/french.cpnn-world.org\/index.php\/?_page=2&#038;rest_route=%2Fwp%2Fv2%2Fpages%2F1868\">&rsaquo;<\/a><\/li>\n\t<\/ul><img loading=\"lazy\" decoding=\"async\" width=\"15\" height=\"15\" class=\"pt-cv-spinner\" alt=\"Loading...\" src=\"data:image\/gif;base64,R0lGODlhDwAPALMPAMrKygwMDJOTkz09PZWVla+vr3p6euTk5M7OzuXl5TMzMwAAAJmZmWZmZszMzP\/\/\/yH\/C05FVFNDQVBFMi4wAwEAAAAh+QQFCgAPACwAAAAADwAPAAAEQvDJaZaZOIcV8iQK8VRX4iTYoAwZ4iCYoAjZ4RxejhVNoT+mRGP4cyF4Pp0N98sBGIBMEMOotl6YZ3S61Bmbkm4mAgAh+QQFCgAPACwAAAAADQANAAAENPDJSRSZeA418itN8QiK8BiLITVsFiyBBIoYqnoewAD4xPw9iY4XLGYSjkQR4UAUD45DLwIAIfkEBQoADwAsAAAAAA8ACQAABC\/wyVlamTi3nSdgwFNdhEJgTJoNyoB9ISYoQmdjiZPcj7EYCAeCF1gEDo4Dz2eIAAAh+QQFCgAPACwCAAAADQANAAAEM\/DJBxiYeLKdX3IJZT1FU0iIg2RNKx3OkZVnZ98ToRD4MyiDnkAh6BkNC0MvsAj0kMpHBAAh+QQFCgAPACwGAAAACQAPAAAEMDC59KpFDll73HkAA2wVY5KgiK5b0RRoI6MuzG6EQqCDMlSGheEhUAgqgUUAFRySIgAh+QQFCgAPACwCAAIADQANAAAEM\/DJKZNLND\/kkKaHc3xk+QAMYDKsiaqmZCxGVjSFFCxB1vwy2oOgIDxuucxAMTAJFAJNBAAh+QQFCgAPACwAAAYADwAJAAAEMNAs86q1yaWwwv2Ig0jUZx3OYa4XoRAfwADXoAwfo1+CIjyFRuEho60aSNYlOPxEAAAh+QQFCgAPACwAAAIADQANAAAENPA9s4y8+IUVcqaWJ4qEQozSoAzoIyhCK2NFU2SJk0hNnyEOhKR2AzAAj4Pj4GE4W0bkJQIAOw==\" \/><div class=\"clear pt-cv-clear-pagination\"><\/div><\/div><\/div>\t\t\t<style type=\"text\/css\" id=\"pt-cv-inline-style-b73ffcesz6\">#pt-cv-view-95ba151wiz .pt-cv-title a, #pt-cv-view-95ba151wiz  .panel-title { font-weight: 600 !important; }\n#pt-cv-view-95ba151wiz .pt-cv-readmore  { color: #ffffff !important; background-color: #00aeef !important; }\n#pt-cv-view-95ba151wiz .pt-cv-readmore:hover  { color: #ffffff !important; background-color: #00aeef !important; }\n#pt-cv-view-95ba151wiz  + .pt-cv-pagination-wrapper .pt-cv-more , #pt-cv-view-95ba151wiz  + .pt-cv-pagination-wrapper .pagination .active a, .pt-cv-pagination[data-sid='95ba151wiz'] .active a { color: #ffffff !important; background-color: #00aeef !important; }<\/style>\r\n\t\t\t<\/p>\n","protected":false},"excerpt":{"rendered":"<p>Voici les articles en fran\u00e7ais concernant l&#8217;Education pour la Paix depuis le 1er f\u00e9vrier 2015. Pour voir les pages suivantes, cliquez sur les num\u00e9ros de page en bas. Pour les archives de CPNN de l&#8217;Education pour la Paix avant le 1er f\u00e9vrier 2015, cliquez ici.<\/p>\n","protected":false},"author":1,"featured_media":0,"parent":0,"menu_order":0,"comment_status":"closed","ping_status":"closed","template":"","meta":{"footnotes":""},"class_list":["post-1868","page","type-page","status-publish","hentry"],"_links":{"self":[{"href":"https:\/\/french.cpnn-world.org\/index.php?rest_route=\/wp\/v2\/pages\/1868","targetHints":{"allow":["GET"]}}],"collection":[{"href":"https:\/\/french.cpnn-world.org\/index.php?rest_route=\/wp\/v2\/pages"}],"about":[{"href":"https:\/\/french.cpnn-world.org\/index.php?rest_route=\/wp\/v2\/types\/page"}],"author":[{"embeddable":true,"href":"https:\/\/french.cpnn-world.org\/index.php?rest_route=\/wp\/v2\/users\/1"}],"replies":[{"embeddable":true,"href":"https:\/\/french.cpnn-world.org\/index.php?rest_route=%2Fwp%2Fv2%2Fcomments&post=1868"}],"version-history":[{"count":4,"href":"https:\/\/french.cpnn-world.org\/index.php?rest_route=\/wp\/v2\/pages\/1868\/revisions"}],"predecessor-version":[{"id":7904,"href":"https:\/\/french.cpnn-world.org\/index.php?rest_route=\/wp\/v2\/pages\/1868\/revisions\/7904"}],"wp:attachment":[{"href":"https:\/\/french.cpnn-world.org\/index.php?rest_route=%2Fwp%2Fv2%2Fmedia&parent=1868"}],"curies":[{"name":"wp","href":"https:\/\/api.w.org\/{rel}","templated":true}]}}