{"id":1879,"date":"2015-04-14T17:34:39","date_gmt":"2015-04-14T21:34:39","guid":{"rendered":"http:\/\/english.cpnn-world.org\/?page_id=1879"},"modified":"2019-10-11T09:58:46","modified_gmt":"2019-10-11T09:58:46","slug":"articles-damerique-latine","status":"publish","type":"page","link":"https:\/\/french.cpnn-world.org\/?page_id=1879","title":{"rendered":"Articles d&#8217;Am\u00e9rique Latine"},"content":{"rendered":"<p><em><big>Voici les articles en fran\u00e7ais d&#8217;Am\u00e9rique Latine depuis le 1er f\u00e9vrier 2015.<br \/>\nPour voir les pages suivantes, cliquez sur les num\u00e9ros de page en bas.<br \/>\nPour les archives de CPNN d&#8217;Am\u00e9rique Latine avant le 1er f\u00e9vrier 2015, cliquez <a href=\"http:\/\/cpnn-world.org\/cgi-bin\/read\/worldregionpage-french.cgi?region=latinamerica\">ici<\/a>.<\/big><\/em><div class=\"pt-cv-wrapper\"><div class=\"pt-cv-view pt-cv-grid pt-cv-colsys pt-cv-pgregular\" id=\"pt-cv-view-a35f12aelt\"><div data-id=\"pt-cv-page-1\" class=\"pt-cv-page\" data-cvc=\"4\"><div class=\"col-md-3 col-sm-3 col-xs-3 pt-cv-content-item pt-cv-1-col\"  data-pid=\"11299\"><div class='pt-cv-ifield'><div class=\"pt-cv-content\">. . DEVELOPPEMENT DURABLE ...<\/div>\n<a href=\"https:\/\/french.cpnn-world.org\/?p=11299\" class=\"_self pt-cv-href-thumbnail pt-cv-thumb-default cvplbd\" target=\"_self\" ><img decoding=\"async\" width=\"300\" src=\"https:\/\/french.cpnn-world.org\/wp-content\/uploads\/2026\/03\/Niwano-300x225.jpg\" class=\"pt-cv-thumbnail img-none cvp-substitute\" alt=\"Le 43e prix Niwano pour la paix d\u00e9cern\u00e9 \u00e0 Benki Piyako, chef spirituel autochtone du peuple Ashaninka de la for\u00eat amazonienne br\u00e9silienne\" title=\"\" \/><\/a>\n<h4 class=\"pt-cv-title\"><a href=\"https:\/\/french.cpnn-world.org\/?p=11299\" class=\"_self cvplbd\" target=\"_self\" >Le 43e prix Niwano pour la paix d\u00e9cern\u00e9 \u00e0 Benki Piyako, chef spirituel autochtone du peuple Ashaninka de la for\u00eat amazonienne br\u00e9silienne<\/a><\/h4>\n<div class=\"pt-cv-meta-fields\"><span class=\"entry-date\"> <time datetime=\"2026-03-14T08:38:02+01:00\">March 14, 2026<\/time><\/span><\/div><\/div><\/div>\n<div class=\"col-md-3 col-sm-3 col-xs-3 pt-cv-content-item pt-cv-1-col\"  data-pid=\"11278\"><div class='pt-cv-ifield'><div class=\"pt-cv-content\">. . LEADERSHIP LATINO-AM\u00c9RICAIN ...<\/div>\n<a href=\"https:\/\/french.cpnn-world.org\/?p=11278\" class=\"_self pt-cv-href-thumbnail pt-cv-thumb-default cvplbd\" target=\"_self\" ><img decoding=\"async\" width=\"300\" src=\"https:\/\/french.cpnn-world.org\/wp-content\/uploads\/2026\/03\/Indigenous.jpg\" class=\"pt-cv-thumbnail img-none cvp-substitute\" alt=\"Bulletin fran\u00e7ais 1 mars 2026\" title=\"\" \/><\/a>\n<h4 class=\"pt-cv-title\"><a href=\"https:\/\/french.cpnn-world.org\/?p=11278\" class=\"_self cvplbd\" target=\"_self\" >Bulletin fran\u00e7ais 1 mars 2026<\/a><\/h4>\n<div class=\"pt-cv-meta-fields\"><span class=\"entry-date\"> <time datetime=\"2026-03-01T01:43:49+01:00\">March 1, 2026<\/time><\/span><\/div><\/div><\/div>\n<div class=\"col-md-3 col-sm-3 col-xs-3 pt-cv-content-item pt-cv-1-col\"  data-pid=\"10792\"><div class='pt-cv-ifield'><div class=\"pt-cv-content\">PROGRESSE EN AFRIQUE ET ...<\/div>\n<a href=\"https:\/\/french.cpnn-world.org\/?p=10792\" class=\"_self pt-cv-href-thumbnail pt-cv-thumb-default cvplbd\" target=\"_self\" ><img decoding=\"async\" width=\"300\" src=\"https:\/\/french.cpnn-world.org\/wp-content\/uploads\/2024\/12\/sustainable.jpg\" class=\"pt-cv-thumbnail img-none cvp-substitute\" alt=\"Bulletin fran\u00e7ais 1 janvier 2025\" title=\"\" \/><\/a>\n<h4 class=\"pt-cv-title\"><a href=\"https:\/\/french.cpnn-world.org\/?p=10792\" class=\"_self cvplbd\" target=\"_self\" >Bulletin fran\u00e7ais 1 janvier 2025<\/a><\/h4>\n<div class=\"pt-cv-meta-fields\"><span class=\"entry-date\"> <time datetime=\"2025-01-01T01:13:39+01:00\">January 1, 2025<\/time><\/span><\/div><\/div><\/div>\n<div class=\"col-md-3 col-sm-3 col-xs-3 pt-cv-content-item pt-cv-1-col\"  data-pid=\"10683\"><div class='pt-cv-ifield'><div class=\"pt-cv-content\">LIBRE CIRCULATION DE L'INFORMATION ...<\/div>\n<a href=\"https:\/\/french.cpnn-world.org\/?p=10683\" class=\"_self pt-cv-href-thumbnail pt-cv-thumb-default cvplbd\" target=\"_self\" ><img decoding=\"async\" width=\"300\" src=\"https:\/\/french.cpnn-world.org\/wp-content\/uploads\/2024\/10\/world-march.jpg\" class=\"pt-cv-thumbnail img-none cvp-substitute\" alt=\"D\u00e9but de la Troisi\u00e8me Marche Mondiale pour la Paix et la Non-violence : un appel global \u00e0 l\u2019unit\u00e9\" title=\"\" \/><\/a>\n<h4 class=\"pt-cv-title\"><a href=\"https:\/\/french.cpnn-world.org\/?p=10683\" class=\"_self cvplbd\" target=\"_self\" >D\u00e9but de la Troisi\u00e8me Marche Mondiale pour la Paix et la Non-violence : un appel global \u00e0 l\u2019unit\u00e9<\/a><\/h4>\n<div class=\"pt-cv-meta-fields\"><span class=\"entry-date\"> <time datetime=\"2024-10-08T07:59:33+02:00\">October 8, 2024<\/time><\/span><\/div><\/div><\/div>\n<div class=\"col-md-3 col-sm-3 col-xs-3 pt-cv-content-item pt-cv-1-col\"  data-pid=\"10293\"><div class='pt-cv-ifield'><div class=\"pt-cv-content\">. BONNES NOUVELLES D'AM\u00c9RIQUE ...<\/div>\n<a href=\"https:\/\/french.cpnn-world.org\/?p=10293\" class=\"_self pt-cv-href-thumbnail pt-cv-thumb-default cvplbd\" target=\"_self\" ><img decoding=\"async\" width=\"300\" src=\"https:\/\/french.cpnn-world.org\/wp-content\/uploads\/2023\/12\/HR-1.jpeg\" class=\"pt-cv-thumbnail img-none cvp-substitute\" alt=\"Bulletin fran\u00e7ais 1 janvier 2024\" title=\"\" \/><\/a>\n<h4 class=\"pt-cv-title\"><a href=\"https:\/\/french.cpnn-world.org\/?p=10293\" class=\"_self cvplbd\" target=\"_self\" >Bulletin fran\u00e7ais 1 janvier 2024<\/a><\/h4>\n<div class=\"pt-cv-meta-fields\"><span class=\"entry-date\"> <time datetime=\"2023-12-31T23:12:38+01:00\">December 31, 2023<\/time><\/span><\/div><\/div><\/div>\n<div class=\"col-md-3 col-sm-3 col-xs-3 pt-cv-content-item pt-cv-1-col\"  data-pid=\"10144\"><div class='pt-cv-ifield'><div class=\"pt-cv-content\">LIBRE CIRCULATION DE L\u2019INFORMATION ...<\/div>\n<a href=\"https:\/\/french.cpnn-world.org\/?p=10144\" class=\"_self pt-cv-href-thumbnail pt-cv-thumb-default cvplbd\" target=\"_self\" ><img decoding=\"async\" width=\"300\" src=\"https:\/\/french.cpnn-world.org\/wp-content\/uploads\/2023\/08\/journalism-other-image.jpg\" class=\"pt-cv-thumbnail img-none cvp-substitute\" alt=\"Livre \u2018Journalisme non-violent\u2019\" title=\"\" \/><\/a>\n<h4 class=\"pt-cv-title\"><a href=\"https:\/\/french.cpnn-world.org\/?p=10144\" class=\"_self cvplbd\" target=\"_self\" >Livre \u2018Journalisme non-violent\u2019<\/a><\/h4>\n<div class=\"pt-cv-meta-fields\"><span class=\"entry-date\"> <time datetime=\"2023-08-05T10:17:40+02:00\">August 5, 2023<\/time><\/span><\/div><\/div><\/div>\n<div class=\"col-md-3 col-sm-3 col-xs-3 pt-cv-content-item pt-cv-1-col\"  data-pid=\"9865\"><div class='pt-cv-ifield'><div class=\"pt-cv-content\">LIBRE CIRCULATION DE L'INFORMATION ...<\/div>\n<a href=\"https:\/\/french.cpnn-world.org\/?p=9865\" class=\"_self pt-cv-href-thumbnail pt-cv-thumb-default cvplbd\" target=\"_self\" ><img decoding=\"async\" width=\"300\" src=\"https:\/\/french.cpnn-world.org\/wp-content\/uploads\/2023\/02\/Haiti.jpg\" class=\"pt-cv-thumbnail img-none cvp-substitute\" alt=\"C\u00e9l\u00e9bration de la Journ\u00e9e de la radio en Ha\u00efti\" title=\"\" \/><\/a>\n<h4 class=\"pt-cv-title\"><a href=\"https:\/\/french.cpnn-world.org\/?p=9865\" class=\"_self cvplbd\" target=\"_self\" >C\u00e9l\u00e9bration de la Journ\u00e9e de la radio en Ha\u00efti<\/a><\/h4>\n<div class=\"pt-cv-meta-fields\"><span class=\"entry-date\"> <time datetime=\"2023-02-18T17:12:12+01:00\">February 18, 2023<\/time><\/span><\/div><\/div><\/div>\n<div class=\"col-md-3 col-sm-3 col-xs-3 pt-cv-content-item pt-cv-1-col\"  data-pid=\"9720\"><div class='pt-cv-ifield'><div class=\"pt-cv-content\">EDUCATION POUR LA PAIX ...<\/div>\n<a href=\"https:\/\/french.cpnn-world.org\/?p=9720\" class=\"_self pt-cv-href-thumbnail pt-cv-thumb-default cvplbd\" target=\"_self\" ><img decoding=\"async\" width=\"300\" src=\"https:\/\/french.cpnn-world.org\/wp-content\/uploads\/2022\/10\/IFLAC.png\" class=\"pt-cv-thumbnail img-none cvp-substitute\" alt=\"Premi\u00e8re \u00e9dition du iFLAC World Peace Festival en Argentine\" title=\"\" \/><\/a>\n<h4 class=\"pt-cv-title\"><a href=\"https:\/\/french.cpnn-world.org\/?p=9720\" class=\"_self cvplbd\" target=\"_self\" >Premi\u00e8re \u00e9dition du iFLAC World Peace Festival en Argentine<\/a><\/h4>\n<div class=\"pt-cv-meta-fields\"><span class=\"entry-date\"> <time datetime=\"2022-10-14T09:53:23+02:00\">October 14, 2022<\/time><\/span><\/div><\/div><\/div><\/div><\/div>\n<div class=\"text-left pt-cv-pagination-wrapper\"><ul class=\"pt-cv-pagination pt-cv-ajax pagination\" data-totalpages=\"4\" data-currentpage=\"1\" data-sid=\"a35f12aelt\" data-unid=\"\" data-isblock=\"\" data-postid=\"\"><li class=\"active\"><a href=\"#\">1<\/a><\/li>\n\t<li ><a class=\"\" href=\"https:\/\/french.cpnn-world.org\/index.php\/?_page=2&#038;rest_route=%2Fwp%2Fv2%2Fpages%2F1879\">2<\/a><\/li>\n\t<li ><a class=\"\" href=\"https:\/\/french.cpnn-world.org\/index.php\/?_page=3&#038;rest_route=%2Fwp%2Fv2%2Fpages%2F1879\">3<\/a><\/li>\n\t<li ><a class=\"\" href=\"https:\/\/french.cpnn-world.org\/index.php\/?_page=4&#038;rest_route=%2Fwp%2Fv2%2Fpages%2F1879\">4<\/a><\/li>\n\t<li ><a class=\" \" href=\"https:\/\/french.cpnn-world.org\/index.php\/?_page=2&#038;rest_route=%2Fwp%2Fv2%2Fpages%2F1879\">&rsaquo;<\/a><\/li>\n\t<\/ul><img loading=\"lazy\" decoding=\"async\" width=\"15\" height=\"15\" class=\"pt-cv-spinner\" alt=\"Loading...\" src=\"data:image\/gif;base64,R0lGODlhDwAPALMPAMrKygwMDJOTkz09PZWVla+vr3p6euTk5M7OzuXl5TMzMwAAAJmZmWZmZszMzP\/\/\/yH\/C05FVFNDQVBFMi4wAwEAAAAh+QQFCgAPACwAAAAADwAPAAAEQvDJaZaZOIcV8iQK8VRX4iTYoAwZ4iCYoAjZ4RxejhVNoT+mRGP4cyF4Pp0N98sBGIBMEMOotl6YZ3S61Bmbkm4mAgAh+QQFCgAPACwAAAAADQANAAAENPDJSRSZeA418itN8QiK8BiLITVsFiyBBIoYqnoewAD4xPw9iY4XLGYSjkQR4UAUD45DLwIAIfkEBQoADwAsAAAAAA8ACQAABC\/wyVlamTi3nSdgwFNdhEJgTJoNyoB9ISYoQmdjiZPcj7EYCAeCF1gEDo4Dz2eIAAAh+QQFCgAPACwCAAAADQANAAAEM\/DJBxiYeLKdX3IJZT1FU0iIg2RNKx3OkZVnZ98ToRD4MyiDnkAh6BkNC0MvsAj0kMpHBAAh+QQFCgAPACwGAAAACQAPAAAEMDC59KpFDll73HkAA2wVY5KgiK5b0RRoI6MuzG6EQqCDMlSGheEhUAgqgUUAFRySIgAh+QQFCgAPACwCAAIADQANAAAEM\/DJKZNLND\/kkKaHc3xk+QAMYDKsiaqmZCxGVjSFFCxB1vwy2oOgIDxuucxAMTAJFAJNBAAh+QQFCgAPACwAAAYADwAJAAAEMNAs86q1yaWwwv2Ig0jUZx3OYa4XoRAfwADXoAwfo1+CIjyFRuEho60aSNYlOPxEAAAh+QQFCgAPACwAAAIADQANAAAENPA9s4y8+IUVcqaWJ4qEQozSoAzoIyhCK2NFU2SJk0hNnyEOhKR2AzAAj4Pj4GE4W0bkJQIAOw==\" \/><div class=\"clear pt-cv-clear-pagination\"><\/div><\/div><\/div>\t\t\t<style type=\"text\/css\" id=\"pt-cv-inline-style-fc91072q0l\">#pt-cv-view-a35f12aelt .pt-cv-title a, #pt-cv-view-a35f12aelt  .panel-title { font-weight: 600 !important; }\n#pt-cv-view-a35f12aelt .pt-cv-readmore  { color: #ffffff !important; background-color: #00aeef !important; }\n#pt-cv-view-a35f12aelt .pt-cv-readmore:hover  { color: #ffffff !important; background-color: #00aeef !important; }\n#pt-cv-view-a35f12aelt  + .pt-cv-pagination-wrapper .pt-cv-more , #pt-cv-view-a35f12aelt  + .pt-cv-pagination-wrapper .pagination .active a, .pt-cv-pagination[data-sid='a35f12aelt'] .active a { color: #ffffff !important; background-color: #00aeef !important; }<\/style>\r\n\t\t\t<\/p>\n","protected":false},"excerpt":{"rendered":"<p>Voici les articles en fran\u00e7ais d&#8217;Am\u00e9rique Latine depuis le 1er f\u00e9vrier 2015. Pour voir les pages suivantes, cliquez sur les num\u00e9ros de page en bas. Pour les archives de CPNN d&#8217;Am\u00e9rique Latine avant le 1er f\u00e9vrier 2015, cliquez ici.<\/p>\n","protected":false},"author":1,"featured_media":0,"parent":0,"menu_order":0,"comment_status":"closed","ping_status":"closed","template":"","meta":{"footnotes":""},"class_list":["post-1879","page","type-page","status-publish","hentry"],"_links":{"self":[{"href":"https:\/\/french.cpnn-world.org\/index.php?rest_route=\/wp\/v2\/pages\/1879","targetHints":{"allow":["GET"]}}],"collection":[{"href":"https:\/\/french.cpnn-world.org\/index.php?rest_route=\/wp\/v2\/pages"}],"about":[{"href":"https:\/\/french.cpnn-world.org\/index.php?rest_route=\/wp\/v2\/types\/page"}],"author":[{"embeddable":true,"href":"https:\/\/french.cpnn-world.org\/index.php?rest_route=\/wp\/v2\/users\/1"}],"replies":[{"embeddable":true,"href":"https:\/\/french.cpnn-world.org\/index.php?rest_route=%2Fwp%2Fv2%2Fcomments&post=1879"}],"version-history":[{"count":4,"href":"https:\/\/french.cpnn-world.org\/index.php?rest_route=\/wp\/v2\/pages\/1879\/revisions"}],"predecessor-version":[{"id":7900,"href":"https:\/\/french.cpnn-world.org\/index.php?rest_route=\/wp\/v2\/pages\/1879\/revisions\/7900"}],"wp:attachment":[{"href":"https:\/\/french.cpnn-world.org\/index.php?rest_route=%2Fwp%2Fv2%2Fmedia&parent=1879"}],"curies":[{"name":"wp","href":"https:\/\/api.w.org\/{rel}","templated":true}]}}