{"id":1917,"date":"2015-04-14T20:52:45","date_gmt":"2015-04-15T00:52:45","guid":{"rendered":"http:\/\/english.cpnn-world.org\/?page_id=1917"},"modified":"2019-10-11T10:01:16","modified_gmt":"2019-10-11T10:01:16","slug":"articles-de-developpement-durable","status":"publish","type":"page","link":"https:\/\/french.cpnn-world.org\/?page_id=1917","title":{"rendered":"Articles de D\u00e9veloppement Durable"},"content":{"rendered":"<p><em><big>Voici les articles en fran\u00e7ais concernant D\u00e9veloppement Durable depuis le 1er f\u00e9vrier 2015.<br \/>\nPour voir les pages suivantes, cliquez sur les num\u00e9ros de page en bas.<br \/>\nPour les archives de CPNN de D\u00e9veloppement Durable avant  le 1er f\u00e9vrier 2015, cliquez <a href=\"http:\/\/cpnn-world.org\/cgi-bin\/read\/programareapage-french.cgi?programarea=sustainable\">ici<\/a>. <\/big><\/em><div class=\"pt-cv-wrapper\"><div class=\"pt-cv-view pt-cv-grid pt-cv-colsys pt-cv-pgregular\" id=\"pt-cv-view-7071eb39vm\"><div data-id=\"pt-cv-page-1\" class=\"pt-cv-page\" data-cvc=\"4\"><div class=\"col-md-3 col-sm-3 col-xs-3 pt-cv-content-item pt-cv-1-col\"  data-pid=\"11299\"><div class='pt-cv-ifield'><a href=\"https:\/\/french.cpnn-world.org\/?p=11299\" class=\"_self pt-cv-href-thumbnail pt-cv-thumb-default cvplbd\" target=\"_self\" ><img decoding=\"async\" width=\"300\" src=\"https:\/\/french.cpnn-world.org\/wp-content\/uploads\/2026\/03\/Niwano-300x225.jpg\" class=\"pt-cv-thumbnail img-none cvp-substitute\" alt=\"Le 43e prix Niwano pour la paix d\u00e9cern\u00e9 \u00e0 Benki Piyako, chef spirituel autochtone du peuple Ashaninka de la for\u00eat amazonienne br\u00e9silienne\" title=\"\" \/><\/a>\n<h4 class=\"pt-cv-title\"><a href=\"https:\/\/french.cpnn-world.org\/?p=11299\" class=\"_self cvplbd\" target=\"_self\" >Le 43e prix Niwano pour la paix d\u00e9cern\u00e9 \u00e0 Benki Piyako, chef spirituel autochtone du peuple Ashaninka de la for\u00eat amazonienne br\u00e9silienne<\/a><\/h4>\n<div class=\"pt-cv-meta-fields\"><span class=\"entry-date\"> <time datetime=\"2026-03-14T08:38:02+01:00\">March 14, 2026<\/time><\/span><\/div><\/div><\/div>\n<div class=\"col-md-3 col-sm-3 col-xs-3 pt-cv-content-item pt-cv-1-col\"  data-pid=\"10516\"><div class='pt-cv-ifield'><a href=\"https:\/\/french.cpnn-world.org\/?p=10516\" class=\"_self pt-cv-href-thumbnail pt-cv-thumb-default cvplbd\" target=\"_self\" ><img decoding=\"async\" width=\"300\" src=\"https:\/\/french.cpnn-world.org\/wp-content\/uploads\/2024\/05\/water.jpg\" class=\"pt-cv-thumbnail img-none cvp-substitute\" alt=\"Eau et paix dans la zone de Tessalit au Mali\" title=\"\" \/><\/a>\n<h4 class=\"pt-cv-title\"><a href=\"https:\/\/french.cpnn-world.org\/?p=10516\" class=\"_self cvplbd\" target=\"_self\" >Eau et paix dans la zone de Tessalit au Mali<\/a><\/h4>\n<div class=\"pt-cv-meta-fields\"><span class=\"entry-date\"> <time datetime=\"2024-05-20T18:13:43+02:00\">May 20, 2024<\/time><\/span><\/div><\/div><\/div>\n<div class=\"col-md-3 col-sm-3 col-xs-3 pt-cv-content-item pt-cv-1-col\"  data-pid=\"10355\"><div class='pt-cv-ifield'><a href=\"https:\/\/french.cpnn-world.org\/?p=10355\" class=\"_self pt-cv-href-thumbnail pt-cv-thumb-default cvplbd\" target=\"_self\" ><img decoding=\"async\" width=\"300\" src=\"https:\/\/french.cpnn-world.org\/wp-content\/uploads\/2024\/02\/Greenpeace.jpg\" class=\"pt-cv-thumbnail img-none cvp-substitute\" alt=\"Greenpeace: Voici les VRAIS coupables de la crise agricole en France\" title=\"\" \/><\/a>\n<h4 class=\"pt-cv-title\"><a href=\"https:\/\/french.cpnn-world.org\/?p=10355\" class=\"_self cvplbd\" target=\"_self\" >Greenpeace: Voici les VRAIS coupables de la crise agricole en France<\/a><\/h4>\n<div class=\"pt-cv-meta-fields\"><span class=\"entry-date\"> <time datetime=\"2024-02-23T16:59:04+01:00\">February 23, 2024<\/time><\/span><\/div><\/div><\/div>\n<div class=\"col-md-3 col-sm-3 col-xs-3 pt-cv-content-item pt-cv-1-col\"  data-pid=\"10154\"><div class='pt-cv-ifield'><a href=\"https:\/\/french.cpnn-world.org\/?p=10154\" class=\"_self pt-cv-href-thumbnail pt-cv-thumb-default cvplbd\" target=\"_self\" ><img decoding=\"async\" width=\"300\" src=\"https:\/\/french.cpnn-world.org\/wp-content\/uploads\/2023\/08\/indigenous.jpg\" class=\"pt-cv-thumbnail img-none cvp-substitute\" alt=\"Les syndicalistes autochtones r\u00e9clament plus d\u2019inclusion et de solidarit\u00e9\u00a0: \u00ab\u00a0Nous ne sommes pas l\u00e0 juste pour entonner des chants et r\u00e9citer des pri\u00e8res\u00a0\u00bb\" title=\"\" \/><\/a>\n<h4 class=\"pt-cv-title\"><a href=\"https:\/\/french.cpnn-world.org\/?p=10154\" class=\"_self cvplbd\" target=\"_self\" >Les syndicalistes autochtones r\u00e9clament plus d\u2019inclusion et de solidarit\u00e9\u00a0: \u00ab\u00a0Nous ne sommes pas l\u00e0 juste pour entonner des chants et r\u00e9citer des pri\u00e8res\u00a0\u00bb<\/a><\/h4>\n<div class=\"pt-cv-meta-fields\"><span class=\"entry-date\"> <time datetime=\"2023-08-26T16:09:34+02:00\">August 26, 2023<\/time><\/span><\/div><\/div><\/div>\n<div class=\"col-md-3 col-sm-3 col-xs-3 pt-cv-content-item pt-cv-1-col\"  data-pid=\"10135\"><div class='pt-cv-ifield'><a href=\"https:\/\/french.cpnn-world.org\/?p=10135\" class=\"_self pt-cv-href-thumbnail pt-cv-thumb-default cvplbd\" target=\"_self\" ><img decoding=\"async\" width=\"300\" src=\"https:\/\/french.cpnn-world.org\/wp-content\/uploads\/2023\/08\/resistantes.png\" class=\"pt-cv-thumbnail img-none cvp-substitute\" alt=\"France: Les R\u00e9sistantes 2023 \u2013 rencontres de luttes locales et globales\" title=\"\" \/><\/a>\n<h4 class=\"pt-cv-title\"><a href=\"https:\/\/french.cpnn-world.org\/?p=10135\" class=\"_self cvplbd\" target=\"_self\" >France: Les R\u00e9sistantes 2023 \u2013 rencontres de luttes locales et globales<\/a><\/h4>\n<div class=\"pt-cv-meta-fields\"><span class=\"entry-date\"> <time datetime=\"2023-08-04T12:50:31+02:00\">August 4, 2023<\/time><\/span><\/div><\/div><\/div>\n<div class=\"col-md-3 col-sm-3 col-xs-3 pt-cv-content-item pt-cv-1-col\"  data-pid=\"10056\"><div class='pt-cv-ifield'><a href=\"https:\/\/french.cpnn-world.org\/?p=10056\" class=\"_self pt-cv-href-thumbnail pt-cv-thumb-default cvplbd\" target=\"_self\" ><img decoding=\"async\" width=\"300\" src=\"https:\/\/french.cpnn-world.org\/wp-content\/uploads\/2023\/06\/soulevements.jpg\" class=\"pt-cv-thumbnail img-none cvp-substitute\" alt=\"France: \u00ab\u00a0Vous \u00eates, nous sommes, Les Soul\u00e8vements de la Terre\u00a0\u00bb\" title=\"\" \/><\/a>\n<h4 class=\"pt-cv-title\"><a href=\"https:\/\/french.cpnn-world.org\/?p=10056\" class=\"_self cvplbd\" target=\"_self\" >France: \u00ab\u00a0Vous \u00eates, nous sommes, Les Soul\u00e8vements de la Terre\u00a0\u00bb<\/a><\/h4>\n<div class=\"pt-cv-meta-fields\"><span class=\"entry-date\"> <time datetime=\"2023-06-22T12:00:47+02:00\">June 22, 2023<\/time><\/span><\/div><\/div><\/div>\n<div class=\"col-md-3 col-sm-3 col-xs-3 pt-cv-content-item pt-cv-1-col\"  data-pid=\"9726\"><div class='pt-cv-ifield'><a href=\"https:\/\/french.cpnn-world.org\/?p=9726\" class=\"_self pt-cv-href-thumbnail pt-cv-thumb-default cvplbd\" target=\"_self\" ><img decoding=\"async\" width=\"300\" src=\"https:\/\/french.cpnn-world.org\/wp-content\/uploads\/2022\/10\/Kinshasa.jpg\" class=\"pt-cv-thumbnail img-none cvp-substitute\" alt=\"Kinshasa, capitale de la premi\u00e8re biennale de la CEEAC pour une culture de la paix\" title=\"\" \/><\/a>\n<h4 class=\"pt-cv-title\"><a href=\"https:\/\/french.cpnn-world.org\/?p=9726\" class=\"_self cvplbd\" target=\"_self\" >Kinshasa, capitale de la premi\u00e8re biennale de la CEEAC pour une culture de la paix<\/a><\/h4>\n<div class=\"pt-cv-meta-fields\"><span class=\"entry-date\"> <time datetime=\"2022-10-16T16:25:50+02:00\">October 16, 2022<\/time><\/span><\/div><\/div><\/div>\n<div class=\"col-md-3 col-sm-3 col-xs-3 pt-cv-content-item pt-cv-1-col\"  data-pid=\"9691\"><div class='pt-cv-ifield'><a href=\"https:\/\/french.cpnn-world.org\/?p=9691\" class=\"_self pt-cv-href-thumbnail pt-cv-thumb-default cvplbd\" target=\"_self\" ><img decoding=\"async\" width=\"300\" src=\"https:\/\/french.cpnn-world.org\/wp-content\/uploads\/2022\/09\/Fihavanana.jpg\" class=\"pt-cv-thumbnail img-none cvp-substitute\" alt=\"Le \u00ab Fihavanana \u00bb de Madagascar : corruption ou culture de paix ?\" title=\"\" \/><\/a>\n<h4 class=\"pt-cv-title\"><a href=\"https:\/\/french.cpnn-world.org\/?p=9691\" class=\"_self cvplbd\" target=\"_self\" >Le \u00ab Fihavanana \u00bb de Madagascar : corruption ou culture de paix ?<\/a><\/h4>\n<div class=\"pt-cv-meta-fields\"><span class=\"entry-date\"> <time datetime=\"2022-09-09T10:37:26+02:00\">September 9, 2022<\/time><\/span><\/div><\/div><\/div><\/div><\/div>\n<div class=\"text-left pt-cv-pagination-wrapper\"><ul class=\"pt-cv-pagination pt-cv-ajax pagination\" data-totalpages=\"8\" data-currentpage=\"1\" data-sid=\"7071eb39vm\" data-unid=\"\" data-isblock=\"\" data-postid=\"\"><li class=\"active\"><a href=\"#\">1<\/a><\/li>\n\t<li ><a class=\"\" href=\"https:\/\/french.cpnn-world.org\/index.php\/?_page=2&#038;rest_route=%2Fwp%2Fv2%2Fpages%2F1917\">2<\/a><\/li>\n\t<li ><a class=\"\" href=\"https:\/\/french.cpnn-world.org\/index.php\/?_page=3&#038;rest_route=%2Fwp%2Fv2%2Fpages%2F1917\">3<\/a><\/li>\n\t<li ><a href=\"#\">&hellip;<\/a><\/li>\n\t<li ><a class=\"\" href=\"https:\/\/french.cpnn-world.org\/index.php\/?_page=8&#038;rest_route=%2Fwp%2Fv2%2Fpages%2F1917\">8<\/a><\/li>\n\t<li ><a class=\" \" href=\"https:\/\/french.cpnn-world.org\/index.php\/?_page=2&#038;rest_route=%2Fwp%2Fv2%2Fpages%2F1917\">&rsaquo;<\/a><\/li>\n\t<\/ul><img loading=\"lazy\" decoding=\"async\" width=\"15\" height=\"15\" class=\"pt-cv-spinner\" alt=\"Loading...\" src=\"data:image\/gif;base64,R0lGODlhDwAPALMPAMrKygwMDJOTkz09PZWVla+vr3p6euTk5M7OzuXl5TMzMwAAAJmZmWZmZszMzP\/\/\/yH\/C05FVFNDQVBFMi4wAwEAAAAh+QQFCgAPACwAAAAADwAPAAAEQvDJaZaZOIcV8iQK8VRX4iTYoAwZ4iCYoAjZ4RxejhVNoT+mRGP4cyF4Pp0N98sBGIBMEMOotl6YZ3S61Bmbkm4mAgAh+QQFCgAPACwAAAAADQANAAAENPDJSRSZeA418itN8QiK8BiLITVsFiyBBIoYqnoewAD4xPw9iY4XLGYSjkQR4UAUD45DLwIAIfkEBQoADwAsAAAAAA8ACQAABC\/wyVlamTi3nSdgwFNdhEJgTJoNyoB9ISYoQmdjiZPcj7EYCAeCF1gEDo4Dz2eIAAAh+QQFCgAPACwCAAAADQANAAAEM\/DJBxiYeLKdX3IJZT1FU0iIg2RNKx3OkZVnZ98ToRD4MyiDnkAh6BkNC0MvsAj0kMpHBAAh+QQFCgAPACwGAAAACQAPAAAEMDC59KpFDll73HkAA2wVY5KgiK5b0RRoI6MuzG6EQqCDMlSGheEhUAgqgUUAFRySIgAh+QQFCgAPACwCAAIADQANAAAEM\/DJKZNLND\/kkKaHc3xk+QAMYDKsiaqmZCxGVjSFFCxB1vwy2oOgIDxuucxAMTAJFAJNBAAh+QQFCgAPACwAAAYADwAJAAAEMNAs86q1yaWwwv2Ig0jUZx3OYa4XoRAfwADXoAwfo1+CIjyFRuEho60aSNYlOPxEAAAh+QQFCgAPACwAAAIADQANAAAENPA9s4y8+IUVcqaWJ4qEQozSoAzoIyhCK2NFU2SJk0hNnyEOhKR2AzAAj4Pj4GE4W0bkJQIAOw==\" \/><div class=\"clear pt-cv-clear-pagination\"><\/div><\/div><\/div>\t\t\t<style type=\"text\/css\" id=\"pt-cv-inline-style-0e6b1facl6\">#pt-cv-view-7071eb39vm .pt-cv-title a, #pt-cv-view-7071eb39vm  .panel-title { font-weight: 600 !important; }\n#pt-cv-view-7071eb39vm .pt-cv-readmore  { color: #ffffff !important; background-color: #00aeef !important; }\n#pt-cv-view-7071eb39vm .pt-cv-readmore:hover  { color: #ffffff !important; background-color: #00aeef !important; }\n#pt-cv-view-7071eb39vm  + .pt-cv-pagination-wrapper .pt-cv-more , #pt-cv-view-7071eb39vm  + .pt-cv-pagination-wrapper .pagination .active a, .pt-cv-pagination[data-sid='7071eb39vm'] .active a { color: #ffffff !important; background-color: #00aeef !important; }<\/style>\r\n\t\t\t<\/p>\n","protected":false},"excerpt":{"rendered":"<p>Voici les articles en fran\u00e7ais concernant D\u00e9veloppement Durable depuis le 1er f\u00e9vrier 2015. Pour voir les pages suivantes, cliquez sur les num\u00e9ros de page en bas. Pour les archives de CPNN de D\u00e9veloppement Durable avant le 1er f\u00e9vrier 2015, cliquez ici.<\/p>\n","protected":false},"author":1,"featured_media":0,"parent":0,"menu_order":0,"comment_status":"closed","ping_status":"closed","template":"","meta":{"footnotes":""},"class_list":["post-1917","page","type-page","status-publish","hentry"],"_links":{"self":[{"href":"https:\/\/french.cpnn-world.org\/index.php?rest_route=\/wp\/v2\/pages\/1917","targetHints":{"allow":["GET"]}}],"collection":[{"href":"https:\/\/french.cpnn-world.org\/index.php?rest_route=\/wp\/v2\/pages"}],"about":[{"href":"https:\/\/french.cpnn-world.org\/index.php?rest_route=\/wp\/v2\/types\/page"}],"author":[{"embeddable":true,"href":"https:\/\/french.cpnn-world.org\/index.php?rest_route=\/wp\/v2\/users\/1"}],"replies":[{"embeddable":true,"href":"https:\/\/french.cpnn-world.org\/index.php?rest_route=%2Fwp%2Fv2%2Fcomments&post=1917"}],"version-history":[{"count":4,"href":"https:\/\/french.cpnn-world.org\/index.php?rest_route=\/wp\/v2\/pages\/1917\/revisions"}],"predecessor-version":[{"id":7905,"href":"https:\/\/french.cpnn-world.org\/index.php?rest_route=\/wp\/v2\/pages\/1917\/revisions\/7905"}],"wp:attachment":[{"href":"https:\/\/french.cpnn-world.org\/index.php?rest_route=%2Fwp%2Fv2%2Fmedia&parent=1917"}],"curies":[{"name":"wp","href":"https:\/\/api.w.org\/{rel}","templated":true}]}}