{"id":1926,"date":"2015-04-14T21:15:20","date_gmt":"2015-04-15T01:15:20","guid":{"rendered":"http:\/\/english.cpnn-world.org\/?page_id=1926"},"modified":"2019-10-11T10:02:58","modified_gmt":"2019-10-11T10:02:58","slug":"articles-de-tolerance-et-solidarite","status":"publish","type":"page","link":"https:\/\/french.cpnn-world.org\/?page_id=1926","title":{"rendered":"Articles de Tol\u00e9rance et Solidarit\u00e9"},"content":{"rendered":"<p><em><big>Voici les articles en fran\u00e7ais concernant Tol\u00e9rance et Solidarit\u00e9 depuis le 1er f\u00e9vrier 2015.<br \/>\nPour voir les pages suivantes, cliquez sur les num\u00e9ros de page en bas.<br \/>\nPour les archives de CPNN de Tol\u00e9rance et Solidarit\u00e9 avant  le 1er f\u00e9vrier 2015, cliquez <a href=\"http:\/\/cpnn-world.org\/cgi-bin\/read\/programareapage-french.cgi?programarea=tolerance\">ici<\/a>. <\/big><\/em><div class=\"pt-cv-wrapper\"><div class=\"pt-cv-view pt-cv-grid pt-cv-colsys pt-cv-pgregular\" id=\"pt-cv-view-9276ae5ul7\"><div data-id=\"pt-cv-page-1\" class=\"pt-cv-page\" data-cvc=\"4\"><div class=\"col-md-3 col-sm-3 col-xs-3 pt-cv-content-item pt-cv-1-col\"  data-pid=\"11361\"><div class='pt-cv-ifield'><a href=\"https:\/\/french.cpnn-world.org\/?p=11361\" class=\"_self pt-cv-href-thumbnail pt-cv-thumb-default cvplbd\" target=\"_self\" ><img decoding=\"async\" width=\"300\" src=\"https:\/\/french.cpnn-world.org\/wp-content\/uploads\/2026\/04\/Burkina-1.jpg\" class=\"pt-cv-thumbnail img-none cvp-substitute\" alt=\"Burkina Faso: Une journ\u00e9e culturelle inter-\u00e9tablissements pour magnifier la coh\u00e9sion sociale\" title=\"\" \/><\/a>\n<h4 class=\"pt-cv-title\"><a href=\"https:\/\/french.cpnn-world.org\/?p=11361\" class=\"_self cvplbd\" target=\"_self\" >Burkina Faso: Une journ\u00e9e culturelle inter-\u00e9tablissements pour magnifier la coh\u00e9sion sociale<\/a><\/h4>\n<div class=\"pt-cv-meta-fields\"><span class=\"entry-date\"> <time datetime=\"2026-04-28T18:16:28+02:00\">April 28, 2026<\/time><\/span><\/div><\/div><\/div>\n<div class=\"col-md-3 col-sm-3 col-xs-3 pt-cv-content-item pt-cv-1-col\"  data-pid=\"11341\"><div class='pt-cv-ifield'><a href=\"https:\/\/french.cpnn-world.org\/?p=11341\" class=\"_self pt-cv-href-thumbnail pt-cv-thumb-default cvplbd\" target=\"_self\" ><img decoding=\"async\" width=\"300\" src=\"https:\/\/french.cpnn-world.org\/wp-content\/uploads\/2026\/04\/Algeria-french.jpg\" class=\"pt-cv-thumbnail img-none cvp-substitute\" alt=\"La presse internationale souligne la port\u00e9e historique de la visite du pape L\u00e9on XIV en Alg\u00e9rie\" title=\"\" \/><\/a>\n<h4 class=\"pt-cv-title\"><a href=\"https:\/\/french.cpnn-world.org\/?p=11341\" class=\"_self cvplbd\" target=\"_self\" >La presse internationale souligne la port\u00e9e historique de la visite du pape L\u00e9on XIV en Alg\u00e9rie<\/a><\/h4>\n<div class=\"pt-cv-meta-fields\"><span class=\"entry-date\"> <time datetime=\"2026-04-14T09:16:12+02:00\">April 14, 2026<\/time><\/span><\/div><\/div><\/div>\n<div class=\"col-md-3 col-sm-3 col-xs-3 pt-cv-content-item pt-cv-1-col\"  data-pid=\"11338\"><div class='pt-cv-ifield'><a href=\"https:\/\/french.cpnn-world.org\/?p=11338\" class=\"_self pt-cv-href-thumbnail pt-cv-thumb-default cvplbd\" target=\"_self\" ><img decoding=\"async\" width=\"300\" src=\"https:\/\/french.cpnn-world.org\/wp-content\/uploads\/2026\/04\/Burkina.jpg\" class=\"pt-cv-thumbnail img-none cvp-substitute\" alt=\"Ouagadougou : Musulmans et chr\u00e9tiens unis autour d\u2019une rupture collective de je\u00fbne pour la paix\" title=\"\" \/><\/a>\n<h4 class=\"pt-cv-title\"><a href=\"https:\/\/french.cpnn-world.org\/?p=11338\" class=\"_self cvplbd\" target=\"_self\" >Ouagadougou : Musulmans et chr\u00e9tiens unis autour d\u2019une rupture collective de je\u00fbne pour la paix<\/a><\/h4>\n<div class=\"pt-cv-meta-fields\"><span class=\"entry-date\"> <time datetime=\"2026-04-12T07:51:44+02:00\">April 12, 2026<\/time><\/span><\/div><\/div><\/div>\n<div class=\"col-md-3 col-sm-3 col-xs-3 pt-cv-content-item pt-cv-1-col\"  data-pid=\"11335\"><div class='pt-cv-ifield'><a href=\"https:\/\/french.cpnn-world.org\/?p=11335\" class=\"_self pt-cv-href-thumbnail pt-cv-thumb-default cvplbd\" target=\"_self\" ><img decoding=\"async\" width=\"300\" src=\"https:\/\/french.cpnn-world.org\/wp-content\/uploads\/2026\/04\/Essaouira.jpg\" class=\"pt-cv-thumbnail img-none cvp-substitute\" alt=\"Essaouira, Maroc : Lancement du Prix \u201cVoix des jeunes pour la paix\u201d\" title=\"\" \/><\/a>\n<h4 class=\"pt-cv-title\"><a href=\"https:\/\/french.cpnn-world.org\/?p=11335\" class=\"_self cvplbd\" target=\"_self\" >Essaouira, Maroc : Lancement du Prix \u201cVoix des jeunes pour la paix\u201d<\/a><\/h4>\n<div class=\"pt-cv-meta-fields\"><span class=\"entry-date\"> <time datetime=\"2026-04-11T22:17:22+02:00\">April 11, 2026<\/time><\/span><\/div><\/div><\/div>\n<div class=\"col-md-3 col-sm-3 col-xs-3 pt-cv-content-item pt-cv-1-col\"  data-pid=\"11332\"><div class='pt-cv-ifield'><a href=\"https:\/\/french.cpnn-world.org\/?p=11332\" class=\"_self pt-cv-href-thumbnail pt-cv-thumb-default cvplbd\" target=\"_self\" ><img decoding=\"async\" width=\"300\" src=\"https:\/\/french.cpnn-world.org\/wp-content\/uploads\/2026\/04\/Algerie.png\" class=\"pt-cv-thumbnail img-none cvp-substitute\" alt=\"L\u2019Alg\u00e9rie accueille le Forum arabe de la Jeunesse, de la Paix et de la S\u00e9curit\u00e9\" title=\"\" \/><\/a>\n<h4 class=\"pt-cv-title\"><a href=\"https:\/\/french.cpnn-world.org\/?p=11332\" class=\"_self cvplbd\" target=\"_self\" >L\u2019Alg\u00e9rie accueille le Forum arabe de la Jeunesse, de la Paix et de la S\u00e9curit\u00e9<\/a><\/h4>\n<div class=\"pt-cv-meta-fields\"><span class=\"entry-date\"> <time datetime=\"2026-04-11T20:15:57+02:00\">April 11, 2026<\/time><\/span><\/div><\/div><\/div>\n<div class=\"col-md-3 col-sm-3 col-xs-3 pt-cv-content-item pt-cv-1-col\"  data-pid=\"10817\"><div class='pt-cv-ifield'><a href=\"https:\/\/french.cpnn-world.org\/?p=10817\" class=\"_self pt-cv-href-thumbnail pt-cv-thumb-default cvplbd\" target=\"_self\" ><img decoding=\"async\" width=\"300\" src=\"https:\/\/french.cpnn-world.org\/wp-content\/uploads\/2025\/01\/Niger.jpg\" class=\"pt-cv-thumbnail img-none cvp-substitute\" alt=\"Diffa, Niger : La coordination r\u00e9gionale COSNA\/CNSP organise une soir\u00e9e culturelle de soutien \u00e0 la jeunesse pour la paix et la coh\u00e9sion sociale\" title=\"\" \/><\/a>\n<h4 class=\"pt-cv-title\"><a href=\"https:\/\/french.cpnn-world.org\/?p=10817\" class=\"_self cvplbd\" target=\"_self\" >Diffa, Niger : La coordination r\u00e9gionale COSNA\/CNSP organise une soir\u00e9e culturelle de soutien \u00e0 la jeunesse pour la paix et la coh\u00e9sion sociale<\/a><\/h4>\n<div class=\"pt-cv-meta-fields\"><span class=\"entry-date\"> <time datetime=\"2025-01-04T12:25:55+01:00\">January 4, 2025<\/time><\/span><\/div><\/div><\/div>\n<div class=\"col-md-3 col-sm-3 col-xs-3 pt-cv-content-item pt-cv-1-col\"  data-pid=\"10786\"><div class='pt-cv-ifield'><a href=\"https:\/\/french.cpnn-world.org\/?p=10786\" class=\"_self pt-cv-href-thumbnail pt-cv-thumb-default cvplbd\" target=\"_self\" ><img decoding=\"async\" width=\"300\" src=\"https:\/\/french.cpnn-world.org\/wp-content\/uploads\/2024\/12\/Burkina.jpg\" class=\"pt-cv-thumbnail img-none cvp-substitute\" alt=\"2e forum international des jeunes sur la culture de la paix\u00a0: La religion, la m\u00e9diation et le changement climatique au Sahel au c\u0153ur des \u00e9changes\" title=\"\" \/><\/a>\n<h4 class=\"pt-cv-title\"><a href=\"https:\/\/french.cpnn-world.org\/?p=10786\" class=\"_self cvplbd\" target=\"_self\" >2e forum international des jeunes sur la culture de la paix\u00a0: La religion, la m\u00e9diation et le changement climatique au Sahel au c\u0153ur des \u00e9changes<\/a><\/h4>\n<div class=\"pt-cv-meta-fields\"><span class=\"entry-date\"> <time datetime=\"2024-12-23T21:11:33+01:00\">December 23, 2024<\/time><\/span><\/div><\/div><\/div>\n<div class=\"col-md-3 col-sm-3 col-xs-3 pt-cv-content-item pt-cv-1-col\"  data-pid=\"10761\"><div class='pt-cv-ifield'><a href=\"https:\/\/french.cpnn-world.org\/?p=10761\" class=\"_self pt-cv-href-thumbnail pt-cv-thumb-default cvplbd\" target=\"_self\" ><img decoding=\"async\" width=\"300\" src=\"https:\/\/french.cpnn-world.org\/wp-content\/uploads\/2024\/12\/Niger.jpg\" class=\"pt-cv-thumbnail img-none cvp-substitute\" alt=\"Niger\u00a0: Face aux d\u00e9fis sociaux, les jeunes font progresser la culture de la paix\" title=\"\" \/><\/a>\n<h4 class=\"pt-cv-title\"><a href=\"https:\/\/french.cpnn-world.org\/?p=10761\" class=\"_self cvplbd\" target=\"_self\" >Niger\u00a0: Face aux d\u00e9fis sociaux, les jeunes font progresser la culture de la paix<\/a><\/h4>\n<div class=\"pt-cv-meta-fields\"><span class=\"entry-date\"> <time datetime=\"2024-12-06T19:42:53+01:00\">December 6, 2024<\/time><\/span><\/div><\/div><\/div><\/div><\/div>\n<div class=\"text-left pt-cv-pagination-wrapper\"><ul class=\"pt-cv-pagination pt-cv-ajax pagination\" data-totalpages=\"13\" data-currentpage=\"1\" data-sid=\"9276ae5ul7\" data-unid=\"\" data-isblock=\"\" data-postid=\"\"><li class=\"active\"><a href=\"#\">1<\/a><\/li>\n\t<li ><a class=\"\" href=\"https:\/\/french.cpnn-world.org\/index.php\/?_page=2&#038;rest_route=%2Fwp%2Fv2%2Fpages%2F1926\">2<\/a><\/li>\n\t<li ><a class=\"\" href=\"https:\/\/french.cpnn-world.org\/index.php\/?_page=3&#038;rest_route=%2Fwp%2Fv2%2Fpages%2F1926\">3<\/a><\/li>\n\t<li ><a href=\"#\">&hellip;<\/a><\/li>\n\t<li ><a class=\"\" href=\"https:\/\/french.cpnn-world.org\/index.php\/?_page=13&#038;rest_route=%2Fwp%2Fv2%2Fpages%2F1926\">13<\/a><\/li>\n\t<li ><a class=\" \" href=\"https:\/\/french.cpnn-world.org\/index.php\/?_page=2&#038;rest_route=%2Fwp%2Fv2%2Fpages%2F1926\">&rsaquo;<\/a><\/li>\n\t<\/ul><img loading=\"lazy\" decoding=\"async\" width=\"15\" height=\"15\" class=\"pt-cv-spinner\" alt=\"Loading...\" src=\"data:image\/gif;base64,R0lGODlhDwAPALMPAMrKygwMDJOTkz09PZWVla+vr3p6euTk5M7OzuXl5TMzMwAAAJmZmWZmZszMzP\/\/\/yH\/C05FVFNDQVBFMi4wAwEAAAAh+QQFCgAPACwAAAAADwAPAAAEQvDJaZaZOIcV8iQK8VRX4iTYoAwZ4iCYoAjZ4RxejhVNoT+mRGP4cyF4Pp0N98sBGIBMEMOotl6YZ3S61Bmbkm4mAgAh+QQFCgAPACwAAAAADQANAAAENPDJSRSZeA418itN8QiK8BiLITVsFiyBBIoYqnoewAD4xPw9iY4XLGYSjkQR4UAUD45DLwIAIfkEBQoADwAsAAAAAA8ACQAABC\/wyVlamTi3nSdgwFNdhEJgTJoNyoB9ISYoQmdjiZPcj7EYCAeCF1gEDo4Dz2eIAAAh+QQFCgAPACwCAAAADQANAAAEM\/DJBxiYeLKdX3IJZT1FU0iIg2RNKx3OkZVnZ98ToRD4MyiDnkAh6BkNC0MvsAj0kMpHBAAh+QQFCgAPACwGAAAACQAPAAAEMDC59KpFDll73HkAA2wVY5KgiK5b0RRoI6MuzG6EQqCDMlSGheEhUAgqgUUAFRySIgAh+QQFCgAPACwCAAIADQANAAAEM\/DJKZNLND\/kkKaHc3xk+QAMYDKsiaqmZCxGVjSFFCxB1vwy2oOgIDxuucxAMTAJFAJNBAAh+QQFCgAPACwAAAYADwAJAAAEMNAs86q1yaWwwv2Ig0jUZx3OYa4XoRAfwADXoAwfo1+CIjyFRuEho60aSNYlOPxEAAAh+QQFCgAPACwAAAIADQANAAAENPA9s4y8+IUVcqaWJ4qEQozSoAzoIyhCK2NFU2SJk0hNnyEOhKR2AzAAj4Pj4GE4W0bkJQIAOw==\" \/><div class=\"clear pt-cv-clear-pagination\"><\/div><\/div><\/div>\t\t\t<style type=\"text\/css\" id=\"pt-cv-inline-style-3f92be9ul2\">#pt-cv-view-9276ae5ul7 .pt-cv-title a, #pt-cv-view-9276ae5ul7  .panel-title { font-weight: 600 !important; }\n#pt-cv-view-9276ae5ul7 .pt-cv-readmore  { color: #ffffff !important; background-color: #00aeef !important; }\n#pt-cv-view-9276ae5ul7 .pt-cv-readmore:hover  { color: #ffffff !important; background-color: #00aeef !important; }\n#pt-cv-view-9276ae5ul7  + .pt-cv-pagination-wrapper .pt-cv-more , #pt-cv-view-9276ae5ul7  + .pt-cv-pagination-wrapper .pagination .active a, .pt-cv-pagination[data-sid='9276ae5ul7'] .active a { color: #ffffff !important; background-color: #00aeef !important; }<\/style>\r\n\t\t\t<\/p>\n","protected":false},"excerpt":{"rendered":"<p>Voici les articles en fran\u00e7ais concernant Tol\u00e9rance et Solidarit\u00e9 depuis le 1er f\u00e9vrier 2015. Pour voir les pages suivantes, cliquez sur les num\u00e9ros de page en bas. Pour les archives de CPNN de Tol\u00e9rance et Solidarit\u00e9 avant le 1er f\u00e9vrier 2015, cliquez ici.<\/p>\n","protected":false},"author":1,"featured_media":0,"parent":0,"menu_order":0,"comment_status":"closed","ping_status":"closed","template":"","meta":{"footnotes":""},"class_list":["post-1926","page","type-page","status-publish","hentry"],"_links":{"self":[{"href":"https:\/\/french.cpnn-world.org\/index.php?rest_route=\/wp\/v2\/pages\/1926","targetHints":{"allow":["GET"]}}],"collection":[{"href":"https:\/\/french.cpnn-world.org\/index.php?rest_route=\/wp\/v2\/pages"}],"about":[{"href":"https:\/\/french.cpnn-world.org\/index.php?rest_route=\/wp\/v2\/types\/page"}],"author":[{"embeddable":true,"href":"https:\/\/french.cpnn-world.org\/index.php?rest_route=\/wp\/v2\/users\/1"}],"replies":[{"embeddable":true,"href":"https:\/\/french.cpnn-world.org\/index.php?rest_route=%2Fwp%2Fv2%2Fcomments&post=1926"}],"version-history":[{"count":3,"href":"https:\/\/french.cpnn-world.org\/index.php?rest_route=\/wp\/v2\/pages\/1926\/revisions"}],"predecessor-version":[{"id":7909,"href":"https:\/\/french.cpnn-world.org\/index.php?rest_route=\/wp\/v2\/pages\/1926\/revisions\/7909"}],"wp:attachment":[{"href":"https:\/\/french.cpnn-world.org\/index.php?rest_route=%2Fwp%2Fv2%2Fmedia&parent=1926"}],"curies":[{"name":"wp","href":"https:\/\/api.w.org\/{rel}","templated":true}]}}