{"id":1929,"date":"2015-04-14T21:23:47","date_gmt":"2015-04-15T01:23:47","guid":{"rendered":"http:\/\/english.cpnn-world.org\/?page_id=1929"},"modified":"2019-10-11T09:58:23","modified_gmt":"2019-10-11T09:58:23","slug":"articles-de-leurope","status":"publish","type":"page","link":"https:\/\/french.cpnn-world.org\/?page_id=1929","title":{"rendered":"Articles de l&#8217;Europe"},"content":{"rendered":"<p><em><big>Voici les articles en fran\u00e7ais de l&#8217;Europe depuis le 1er f\u00e9vrier 2015.<br \/>\nPour voir les pages suivantes, cliquez sur les num\u00e9ros de page en bas.<br \/>\nPour les archives de CPNN de l&#8217;Europe avant le 1er f\u00e9vrier 2015, cliquez <a href=\"http:\/\/cpnn-world.org\/cgi-bin\/read\/worldregionpage-french.cgi?region=europe\">ici<\/a>.<\/big><\/em><div class=\"pt-cv-wrapper\"><div class=\"pt-cv-view pt-cv-grid pt-cv-colsys pt-cv-pgregular\" id=\"pt-cv-view-f29a752hs6\"><div data-id=\"pt-cv-page-1\" class=\"pt-cv-page\" data-cvc=\"4\"><div class=\"col-md-3 col-sm-3 col-xs-3 pt-cv-content-item pt-cv-1-col\"  data-pid=\"11302\"><div class='pt-cv-ifield'><div class=\"pt-cv-content\">LIBRE CIRCULATION DE L'INFORMATION ...<\/div>\n<a href=\"https:\/\/french.cpnn-world.org\/?p=11302\" class=\"_self pt-cv-href-thumbnail pt-cv-thumb-default cvplbd\" target=\"_self\" ><img decoding=\"async\" width=\"300\" src=\"https:\/\/french.cpnn-world.org\/wp-content\/uploads\/2026\/03\/france.jpg\" class=\"pt-cv-thumbnail img-none cvp-substitute\" alt=\"France: Retour en images sur la Marche des Solidarit\u00e9s\" title=\"\" \/><\/a>\n<h4 class=\"pt-cv-title\"><a href=\"https:\/\/french.cpnn-world.org\/?p=11302\" class=\"_self cvplbd\" target=\"_self\" >France: Retour en images sur la Marche des Solidarit\u00e9s<\/a><\/h4>\n<div class=\"pt-cv-meta-fields\"><span class=\"entry-date\"> <time datetime=\"2026-03-19T08:40:23+01:00\">March 19, 2026<\/time><\/span><\/div><\/div><\/div>\n<div class=\"col-md-3 col-sm-3 col-xs-3 pt-cv-content-item pt-cv-1-col\"  data-pid=\"11099\"><div class='pt-cv-ifield'><div class=\"pt-cv-content\">LIBRE CIRCULATION DE L'INFORMATION ...<\/div>\n<a href=\"https:\/\/french.cpnn-world.org\/?p=11099\" class=\"_self pt-cv-href-thumbnail pt-cv-thumb-default cvplbd\" target=\"_self\" ><img decoding=\"async\" width=\"300\" src=\"https:\/\/french.cpnn-world.org\/wp-content\/uploads\/2025\/11\/coop-media.jpg\" class=\"pt-cv-thumbnail img-none cvp-substitute\" alt=\"France: Coop-m\u00e9dias investit dans 5 m\u00e9dias ind\u00e9pendants\" title=\"\" \/><\/a>\n<h4 class=\"pt-cv-title\"><a href=\"https:\/\/french.cpnn-world.org\/?p=11099\" class=\"_self cvplbd\" target=\"_self\" >France: Coop-m\u00e9dias investit dans 5 m\u00e9dias ind\u00e9pendants<\/a><\/h4>\n<div class=\"pt-cv-meta-fields\"><span class=\"entry-date\"> <time datetime=\"2025-11-30T06:10:44+01:00\">November 30, 2025<\/time><\/span><\/div><\/div><\/div>\n<div class=\"col-md-3 col-sm-3 col-xs-3 pt-cv-content-item pt-cv-1-col\"  data-pid=\"11035\"><div class='pt-cv-ifield'><div class=\"pt-cv-content\">LIBRE CIRCULATION DE L'INFORMATION ...<\/div>\n<a href=\"https:\/\/french.cpnn-world.org\/?p=11035\" class=\"_self pt-cv-href-thumbnail pt-cv-thumb-default cvplbd\" target=\"_self\" ><img decoding=\"async\" width=\"300\" src=\"https:\/\/french.cpnn-world.org\/wp-content\/uploads\/2025\/09\/Belgium.jpg\" class=\"pt-cv-thumbnail img-none cvp-substitute\" alt=\"Belgique: 200 villes et communes vont hisser le drapeau de la paix pendant huit jours\" title=\"\" \/><\/a>\n<h4 class=\"pt-cv-title\"><a href=\"https:\/\/french.cpnn-world.org\/?p=11035\" class=\"_self cvplbd\" target=\"_self\" >Belgique: 200 villes et communes vont hisser le drapeau de la paix pendant huit jours<\/a><\/h4>\n<div class=\"pt-cv-meta-fields\"><span class=\"entry-date\"> <time datetime=\"2025-09-27T18:52:35+02:00\">September 27, 2025<\/time><\/span><\/div><\/div><\/div>\n<div class=\"col-md-3 col-sm-3 col-xs-3 pt-cv-content-item pt-cv-1-col\"  data-pid=\"10943\"><div class='pt-cv-ifield'><div class=\"pt-cv-content\">. EGALITE HOMMES\/FEMMES  ...<\/div>\n<a href=\"https:\/\/french.cpnn-world.org\/?p=10943\" class=\"_self pt-cv-href-thumbnail pt-cv-thumb-default cvplbd\" target=\"_self\" ><img decoding=\"async\" width=\"300\" src=\"https:\/\/french.cpnn-world.org\/wp-content\/uploads\/2025\/06\/Fatima.jpg\" class=\"pt-cv-thumbnail img-none cvp-substitute\" alt=\"France: Trente ans au service des femmes exil\u00e9es\" title=\"\" \/><\/a>\n<h4 class=\"pt-cv-title\"><a href=\"https:\/\/french.cpnn-world.org\/?p=10943\" class=\"_self cvplbd\" target=\"_self\" >France: Trente ans au service des femmes exil\u00e9es<\/a><\/h4>\n<div class=\"pt-cv-meta-fields\"><span class=\"entry-date\"> <time datetime=\"2025-06-28T10:43:02+02:00\">June 28, 2025<\/time><\/span><\/div><\/div><\/div>\n<div class=\"col-md-3 col-sm-3 col-xs-3 pt-cv-content-item pt-cv-1-col\"  data-pid=\"10939\"><div class='pt-cv-ifield'><div class=\"pt-cv-content\">EDUCATION\u00a0POUR LA PAIX  ...<\/div>\n<a href=\"https:\/\/french.cpnn-world.org\/?p=10939\" class=\"_self pt-cv-href-thumbnail pt-cv-thumb-default cvplbd\" target=\"_self\" ><img decoding=\"async\" width=\"300\" src=\"https:\/\/french.cpnn-world.org\/wp-content\/uploads\/2025\/06\/concert.jpg\" class=\"pt-cv-thumbnail img-none cvp-substitute\" alt=\"Paris : Concert de la Paix \u2013 \u00c9glise Saint-Sulpice\" title=\"\" \/><\/a>\n<h4 class=\"pt-cv-title\"><a href=\"https:\/\/french.cpnn-world.org\/?p=10939\" class=\"_self cvplbd\" target=\"_self\" >Paris : Concert de la Paix \u2013 \u00c9glise Saint-Sulpice<\/a><\/h4>\n<div class=\"pt-cv-meta-fields\"><span class=\"entry-date\"> <time datetime=\"2025-06-06T19:09:30+02:00\">June 6, 2025<\/time><\/span><\/div><\/div><\/div>\n<div class=\"col-md-3 col-sm-3 col-xs-3 pt-cv-content-item pt-cv-1-col\"  data-pid=\"10726\"><div class='pt-cv-ifield'><div class=\"pt-cv-content\">EDUCATION POUR LA PAIX ...<\/div>\n<a href=\"https:\/\/french.cpnn-world.org\/?p=10726\" class=\"_self pt-cv-href-thumbnail pt-cv-thumb-default cvplbd\" target=\"_self\" ><img decoding=\"async\" width=\"300\" src=\"https:\/\/french.cpnn-world.org\/wp-content\/uploads\/2024\/11\/cine-300x171.jpg\" class=\"pt-cv-thumbnail img-none cvp-substitute\" alt=\"Construire une culture de paix : Le Festival du Cin\u00e9ma des Droits de l&#039;Homme de Naples 2024\" title=\"\" \/><\/a>\n<h4 class=\"pt-cv-title\"><a href=\"https:\/\/french.cpnn-world.org\/?p=10726\" class=\"_self cvplbd\" target=\"_self\" >Construire une culture de paix : Le Festival du Cin\u00e9ma des Droits de l&#8217;Homme de Naples 2024<\/a><\/h4>\n<div class=\"pt-cv-meta-fields\"><span class=\"entry-date\"> <time datetime=\"2024-11-08T20:39:31+01:00\">November 8, 2024<\/time><\/span><\/div><\/div><\/div>\n<div class=\"col-md-3 col-sm-3 col-xs-3 pt-cv-content-item pt-cv-1-col\"  data-pid=\"10680\"><div class='pt-cv-ifield'><div class=\"pt-cv-content\">. TOL\u00c9RANCE & SOLIDARIT\u00c9 ...<\/div>\n<a href=\"https:\/\/french.cpnn-world.org\/?p=10680\" class=\"_self pt-cv-href-thumbnail pt-cv-thumb-default cvplbd\" target=\"_self\" ><img decoding=\"async\" width=\"300\" src=\"https:\/\/french.cpnn-world.org\/wp-content\/uploads\/2024\/10\/Gaza.jpg\" class=\"pt-cv-thumbnail img-none cvp-substitute\" alt=\"De Paris \u00e0 Caracas, des milliers de personnes d\u00e9filent en soutien \u00e0 Gaza \u00e0 travers le monde, un an apr\u00e8s le 7\u00a0octobre\" title=\"\" \/><\/a>\n<h4 class=\"pt-cv-title\"><a href=\"https:\/\/french.cpnn-world.org\/?p=10680\" class=\"_self cvplbd\" target=\"_self\" >De Paris \u00e0 Caracas, des milliers de personnes d\u00e9filent en soutien \u00e0 Gaza \u00e0 travers le monde, un an apr\u00e8s le 7\u00a0octobre<\/a><\/h4>\n<div class=\"pt-cv-meta-fields\"><span class=\"entry-date\"> <time datetime=\"2024-10-06T17:02:02+02:00\">October 6, 2024<\/time><\/span><\/div><\/div><\/div>\n<div class=\"col-md-3 col-sm-3 col-xs-3 pt-cv-content-item pt-cv-1-col\"  data-pid=\"10660\"><div class='pt-cv-ifield'><div class=\"pt-cv-content\">LIBRE CIRCULATION DE L'INFORMATION ...<\/div>\n<a href=\"https:\/\/french.cpnn-world.org\/?p=10660\" class=\"_self pt-cv-href-thumbnail pt-cv-thumb-default cvplbd\" target=\"_self\" ><img decoding=\"async\" width=\"300\" src=\"https:\/\/french.cpnn-world.org\/wp-content\/uploads\/2024\/09\/Verts.jpg\" class=\"pt-cv-thumbnail img-none cvp-substitute\" alt=\"\u00c0 la F\u00eate de l\u2019Huma, des m\u00e9dias ind\u00e9pendants en pleine \u00e9bullition\" title=\"\" \/><\/a>\n<h4 class=\"pt-cv-title\"><a href=\"https:\/\/french.cpnn-world.org\/?p=10660\" class=\"_self cvplbd\" target=\"_self\" >\u00c0 la F\u00eate de l\u2019Huma, des m\u00e9dias ind\u00e9pendants en pleine \u00e9bullition<\/a><\/h4>\n<div class=\"pt-cv-meta-fields\"><span class=\"entry-date\"> <time datetime=\"2024-09-20T09:31:41+02:00\">September 20, 2024<\/time><\/span><\/div><\/div><\/div><\/div><\/div>\n<div class=\"text-left pt-cv-pagination-wrapper\"><ul class=\"pt-cv-pagination pt-cv-ajax pagination\" data-totalpages=\"13\" data-currentpage=\"1\" data-sid=\"f29a752hs6\" data-unid=\"\" data-isblock=\"\" data-postid=\"\"><li class=\"active\"><a href=\"#\">1<\/a><\/li>\n\t<li ><a class=\"\" href=\"https:\/\/french.cpnn-world.org\/index.php\/?_page=2&#038;rest_route=%2Fwp%2Fv2%2Fpages%2F1929\">2<\/a><\/li>\n\t<li ><a class=\"\" href=\"https:\/\/french.cpnn-world.org\/index.php\/?_page=3&#038;rest_route=%2Fwp%2Fv2%2Fpages%2F1929\">3<\/a><\/li>\n\t<li ><a href=\"#\">&hellip;<\/a><\/li>\n\t<li ><a class=\"\" href=\"https:\/\/french.cpnn-world.org\/index.php\/?_page=13&#038;rest_route=%2Fwp%2Fv2%2Fpages%2F1929\">13<\/a><\/li>\n\t<li ><a class=\" \" href=\"https:\/\/french.cpnn-world.org\/index.php\/?_page=2&#038;rest_route=%2Fwp%2Fv2%2Fpages%2F1929\">&rsaquo;<\/a><\/li>\n\t<\/ul><img loading=\"lazy\" decoding=\"async\" width=\"15\" height=\"15\" class=\"pt-cv-spinner\" alt=\"Loading...\" src=\"data:image\/gif;base64,R0lGODlhDwAPALMPAMrKygwMDJOTkz09PZWVla+vr3p6euTk5M7OzuXl5TMzMwAAAJmZmWZmZszMzP\/\/\/yH\/C05FVFNDQVBFMi4wAwEAAAAh+QQFCgAPACwAAAAADwAPAAAEQvDJaZaZOIcV8iQK8VRX4iTYoAwZ4iCYoAjZ4RxejhVNoT+mRGP4cyF4Pp0N98sBGIBMEMOotl6YZ3S61Bmbkm4mAgAh+QQFCgAPACwAAAAADQANAAAENPDJSRSZeA418itN8QiK8BiLITVsFiyBBIoYqnoewAD4xPw9iY4XLGYSjkQR4UAUD45DLwIAIfkEBQoADwAsAAAAAA8ACQAABC\/wyVlamTi3nSdgwFNdhEJgTJoNyoB9ISYoQmdjiZPcj7EYCAeCF1gEDo4Dz2eIAAAh+QQFCgAPACwCAAAADQANAAAEM\/DJBxiYeLKdX3IJZT1FU0iIg2RNKx3OkZVnZ98ToRD4MyiDnkAh6BkNC0MvsAj0kMpHBAAh+QQFCgAPACwGAAAACQAPAAAEMDC59KpFDll73HkAA2wVY5KgiK5b0RRoI6MuzG6EQqCDMlSGheEhUAgqgUUAFRySIgAh+QQFCgAPACwCAAIADQANAAAEM\/DJKZNLND\/kkKaHc3xk+QAMYDKsiaqmZCxGVjSFFCxB1vwy2oOgIDxuucxAMTAJFAJNBAAh+QQFCgAPACwAAAYADwAJAAAEMNAs86q1yaWwwv2Ig0jUZx3OYa4XoRAfwADXoAwfo1+CIjyFRuEho60aSNYlOPxEAAAh+QQFCgAPACwAAAIADQANAAAENPA9s4y8+IUVcqaWJ4qEQozSoAzoIyhCK2NFU2SJk0hNnyEOhKR2AzAAj4Pj4GE4W0bkJQIAOw==\" \/><div class=\"clear pt-cv-clear-pagination\"><\/div><\/div><\/div>\t\t\t<style type=\"text\/css\" id=\"pt-cv-inline-style-ace78b7lwe\">#pt-cv-view-f29a752hs6 .pt-cv-title a, #pt-cv-view-f29a752hs6  .panel-title { font-weight: 600 !important; }\n#pt-cv-view-f29a752hs6 .pt-cv-readmore  { color: #ffffff !important; background-color: #00aeef !important; }\n#pt-cv-view-f29a752hs6 .pt-cv-readmore:hover  { color: #ffffff !important; background-color: #00aeef !important; }\n#pt-cv-view-f29a752hs6  + .pt-cv-pagination-wrapper .pt-cv-more , #pt-cv-view-f29a752hs6  + .pt-cv-pagination-wrapper .pagination .active a, .pt-cv-pagination[data-sid='f29a752hs6'] .active a { color: #ffffff !important; background-color: #00aeef !important; }<\/style>\r\n\t\t\t<\/p>\n","protected":false},"excerpt":{"rendered":"<p>Voici les articles en fran\u00e7ais de l&#8217;Europe depuis le 1er f\u00e9vrier 2015. Pour voir les pages suivantes, cliquez sur les num\u00e9ros de page en bas. Pour les archives de CPNN de l&#8217;Europe avant le 1er f\u00e9vrier 2015, cliquez ici.<\/p>\n","protected":false},"author":1,"featured_media":0,"parent":0,"menu_order":0,"comment_status":"closed","ping_status":"closed","template":"","meta":{"footnotes":""},"class_list":["post-1929","page","type-page","status-publish","hentry"],"_links":{"self":[{"href":"https:\/\/french.cpnn-world.org\/index.php?rest_route=\/wp\/v2\/pages\/1929","targetHints":{"allow":["GET"]}}],"collection":[{"href":"https:\/\/french.cpnn-world.org\/index.php?rest_route=\/wp\/v2\/pages"}],"about":[{"href":"https:\/\/french.cpnn-world.org\/index.php?rest_route=\/wp\/v2\/types\/page"}],"author":[{"embeddable":true,"href":"https:\/\/french.cpnn-world.org\/index.php?rest_route=\/wp\/v2\/users\/1"}],"replies":[{"embeddable":true,"href":"https:\/\/french.cpnn-world.org\/index.php?rest_route=%2Fwp%2Fv2%2Fcomments&post=1929"}],"version-history":[{"count":3,"href":"https:\/\/french.cpnn-world.org\/index.php?rest_route=\/wp\/v2\/pages\/1929\/revisions"}],"predecessor-version":[{"id":7899,"href":"https:\/\/french.cpnn-world.org\/index.php?rest_route=\/wp\/v2\/pages\/1929\/revisions\/7899"}],"wp:attachment":[{"href":"https:\/\/french.cpnn-world.org\/index.php?rest_route=%2Fwp%2Fv2%2Fmedia&parent=1929"}],"curies":[{"name":"wp","href":"https:\/\/api.w.org\/{rel}","templated":true}]}}