{"id":777,"date":"2015-03-20T14:15:23","date_gmt":"2015-03-20T18:15:23","guid":{"rendered":"http:\/\/cpnn-world.org\/temp\/?page_id=777"},"modified":"2016-05-17T13:58:50","modified_gmt":"2016-05-17T13:58:50","slug":"valeurs","status":"publish","type":"page","link":"https:\/\/french.cpnn-world.org\/?page_id=777","title":{"rendered":"Valeurs"},"content":{"rendered":"<div class=\"page style\" style=\"width: 80%;\">\n<p align=\"justify\">La r\u00e9daction des r\u00e9solutions des Nations Unies concernant la culture de paix s&#8217;est appuy\u00e9e sur l&#8217;analyse des valeurs, attitudes et comportements n\u00e9cessaires \u00e0 l&#8217;existence d&#8217;une culture de guerre et de violence. Quels sont ils?<\/p>\n<p align=\"justify\">Lors de conf\u00e9rences partout dans le monde, quand la question est pos\u00e9e: &#8220;Quels sont les caract\u00e9ristiques d&#8217;une culture de guerre?&#8221; les audiences r\u00e9pondent de mani\u00e8re tr\u00e8s similaire. Evidemment, la culture de guerre et de violence est pr\u00e9sente et v\u00e9cue partout. Dans le tableau suivant, les r\u00e9ponses sont regroup\u00e9es en huit points:<\/p>\n\n<table id=\"tablepress-1\" class=\"tablepress tablepress-id-1\">\n<thead>\n<tr class=\"row-1\">\n\t<th class=\"column-1\">Le pouvoir bas\u00e9 sur la force \/ Conviction que la violence est efficace \/ Formation militaire<\/th>\n<\/tr>\n<\/thead>\n<tbody class=\"row-striping row-hover\">\n<tr class=\"row-2\">\n\t<td class=\"column-1\">Exploitation des peuples et de la nature pour le profit (dans le pays et\/ou entre pays) (cupidit\u00e9)<\/td>\n<\/tr>\n<tr class=\"row-3\">\n\t<td class=\"column-1\">Non respect des droits de l'Homme (peuple vivant dans la peur)<\/td>\n<\/tr>\n<tr class=\"row-4\">\n\t<td class=\"column-1\">Domination et pouvoir masculin \/ Patriarcat<\/td>\n<\/tr>\n<tr class=\"row-5\">\n\t<td class=\"column-1\">Gouvernance autoritaire \/ Corruption \/ Ob\u00e9issance aux ordres de la hi\u00e9rarchie (soumission et peur)<\/td>\n<\/tr>\n<tr class=\"row-6\">\n\t<td class=\"column-1\">Identification de l'ennemi \/ Intol\u00e9rance et x\u00e9nophobie \/ Fanatisme nationaliste \/ Intol\u00e9rance religieuse (suspicion et peur)<\/td>\n<\/tr>\n<tr class=\"row-7\">\n\t<td class=\"column-1\">Propagande \/ Secrets \/ Contr\u00f4le des medias par l'Etat \/ Langage militaire \/ Censure<\/td>\n<\/tr>\n<tr class=\"row-8\">\n\t<td class=\"column-1\">Armements \/ Arm\u00e9es \/ Pr\u00e9parations \u00e0 la guerre \/ Industrie militaire<\/td>\n<\/tr>\n<\/tbody>\n<\/table>\n<!-- #tablepress-1 from cache -->\n<p>Ces conf\u00e9rences proposaient des alternatives \u00e0 chacun des huit points de la culture de guerre pour arriver aux huit points d&#8217;une culture de paix (voir le tableau ci-dessous)<\/p>\n\n<table id=\"tablepress-2\" class=\"tablepress tablepress-id-2\">\n<thead>\n<tr class=\"row-1\">\n\t<th class=\"column-1\">CULTURE DE LA GUERRE ET DE LA VIOLENCE<br \/>\n<\/th><th class=\"column-2\">CULTURE DE LA PAIX ET DE LA NON-VIOLENCE<\/th>\n<\/tr>\n<\/thead>\n<tbody class=\"row-striping row-hover\">\n<tr class=\"row-2\">\n\t<td class=\"column-1\">Conviction que le pouvoir vient de la force<\/td><td class=\"column-2\">Culture de paix par l\u2019\u00e9ducation<\/td>\n<\/tr>\n<tr class=\"row-3\">\n\t<td class=\"column-1\">Exploitation de la nature<\/td><td class=\"column-2\">D\u00e9veloppement durable<\/td>\n<\/tr>\n<tr class=\"row-4\">\n\t<td class=\"column-1\">Exploitation des peuples<\/td><td class=\"column-2\">Droits de l'Homme<\/td>\n<\/tr>\n<tr class=\"row-5\">\n\t<td class=\"column-1\">Domination masculine<\/td><td class=\"column-2\">\u00c9galit\u00e9 hommes\/femmes<\/td>\n<\/tr>\n<tr class=\"row-6\">\n\t<td class=\"column-1\">Gouvernement autoritaire<\/td><td class=\"column-2\">Participation d\u00e9mocratique<\/td>\n<\/tr>\n<tr class=\"row-7\">\n\t<td class=\"column-1\">Identification de l'ennemi<\/td><td class=\"column-2\">Tol\u00e9rance &amp; solidarit\u00e9<\/td>\n<\/tr>\n<tr class=\"row-8\">\n\t<td class=\"column-1\">Propagande et secrets<\/td><td class=\"column-2\">Libre circulation de l'information<\/td>\n<\/tr>\n<tr class=\"row-9\">\n\t<td class=\"column-1\">Armements<\/td><td class=\"column-2\">D\u00e9sarmement &amp; s\u00e9curit\u00e9<\/td>\n<\/tr>\n<\/tbody>\n<\/table>\n<!-- #tablepress-2 from cache -->\n<p align=\"justify\">Quand le Programme d&#8217;action sur une culture de la paix a \u00e9t\u00e9 r\u00e9dig\u00e9e (<a href=\"http:\/\/culture-of-peace.info\/annexes\/resA-53-370\/coverpage.html\">document A\/53\/370 de l&#8217;ONU<\/a>), les m\u00eames huit caract\u00e9ristiques de la culture de guerre ont \u00e9t\u00e9 prises en consid\u00e9ration et les m\u00eames alternatives ont \u00e9t\u00e9 propos\u00e9es en r\u00e9ponse \u00e0 chacun de ces huit points. Le document a propos\u00e9 un &#8220;cadre conceptuel&#8221; pour r\u00e9pondre aux &#8220;racines culturelles profondes de la guerre et de la violence&#8221; et jeter &#8220;la base d&#8217;une strat\u00e9gie coh\u00e9rente pour une transformation vers une culture de la paix et de la non-violence. Par exemple, &#8220;Il n&#8217;y a jamais eu de guerre sans ennemi. Ainsi, pour abolir la guerre, il faut d\u00e9passer et supprimer l&#8217;image de l&#8217;ennemi par la compr\u00e9hension, la tol\u00e9rance et la solidarit\u00e9 entre tous les peuples et toutes les cultures.&#8221;<\/p>\n<p align=\"justify\">Le document propos\u00e9 par l&#8217;Unesco a \u00e9t\u00e9 adopt\u00e9 par l&#8217;Assembl\u00e9e g\u00e9n\u00e9rale des Nations Unies (<a href=\"http:\/\/decade-culture-of-peace.org\/resolutions\/resA-53-243-fr.pdf\">r\u00e9solution A\/53\/243<\/a>) apr\u00e8s qu&#8217;elle ait enlev\u00e9 toute mention de la culture de guerre.<\/p>\n<p align=\"justify\">Gardant \u00e0 l&#8217;esprit l&#8217;analyse de la culture de guerre, nous pouvons d\u00e9finir maintenant une strat\u00e9gie pour la transition d&#8217;une culture de guerre et de violence vers une culture de paix et de non-violence. Il faut priver la culture de guerre des \u00e9l\u00e9ments culturels dont elle a besoin et sans lesquels elle ne peut survivre. Plus la culture de paix se d\u00e9veloppe, moins la culture de guerre fonctionne. Sans ennemi, pas de guerre. Sans gouvernance autoritaire, sans propagande ni secrets, sans la conviction que le pouvoir vient de la force, aucun peuple n&#8217;acceptera plus longtemps de partir en guerre. Sans armements, il devient plus difficile de faire la guerre..<\/p>\n<p align=\"justify\">En m\u00eame temps, la culture de paix peut remplir les fonctions faites actuellement par la culture de guerre, telles que la gouvernance, la solidarit\u00e9 et le d\u00e9veloppement. Le concept m\u00eame du pouvoir est red\u00e9fini; il devient l&#8217;\u00e9coute, le dialogue, la n\u00e9gociation et la coop\u00e9ration au lieu de la force.<\/p>\n<\/div>\n","protected":false},"excerpt":{"rendered":"<p>La r\u00e9daction des r\u00e9solutions des Nations Unies concernant la culture de paix s&#8217;est appuy\u00e9e sur l&#8217;analyse des valeurs, attitudes et comportements n\u00e9cessaires \u00e0 l&#8217;existence d&#8217;une culture de guerre et de violence. Quels sont ils? Lors de conf\u00e9rences partout dans le monde, quand la question est pos\u00e9e: &#8220;Quels sont les caract\u00e9ristiques d&#8217;une culture de guerre?&#8221; les &hellip; <a href=\"https:\/\/french.cpnn-world.org\/?page_id=777\" class=\"more-link\">Continue reading <span class=\"screen-reader-text\">Valeurs<\/span> <span class=\"meta-nav\">&rarr;<\/span><\/a><\/p>\n","protected":false},"author":1,"featured_media":0,"parent":0,"menu_order":0,"comment_status":"closed","ping_status":"closed","template":"","meta":{"footnotes":""},"class_list":["post-777","page","type-page","status-publish","hentry"],"_links":{"self":[{"href":"https:\/\/french.cpnn-world.org\/index.php?rest_route=\/wp\/v2\/pages\/777","targetHints":{"allow":["GET"]}}],"collection":[{"href":"https:\/\/french.cpnn-world.org\/index.php?rest_route=\/wp\/v2\/pages"}],"about":[{"href":"https:\/\/french.cpnn-world.org\/index.php?rest_route=\/wp\/v2\/types\/page"}],"author":[{"embeddable":true,"href":"https:\/\/french.cpnn-world.org\/index.php?rest_route=\/wp\/v2\/users\/1"}],"replies":[{"embeddable":true,"href":"https:\/\/french.cpnn-world.org\/index.php?rest_route=%2Fwp%2Fv2%2Fcomments&post=777"}],"version-history":[{"count":1,"href":"https:\/\/french.cpnn-world.org\/index.php?rest_route=\/wp\/v2\/pages\/777\/revisions"}],"predecessor-version":[{"id":1254,"href":"https:\/\/french.cpnn-world.org\/index.php?rest_route=\/wp\/v2\/pages\/777\/revisions\/1254"}],"wp:attachment":[{"href":"https:\/\/french.cpnn-world.org\/index.php?rest_route=%2Fwp%2Fv2%2Fmedia&parent=777"}],"curies":[{"name":"wp","href":"https:\/\/api.w.org\/{rel}","templated":true}]}}