{"id":795,"date":"2015-03-20T14:21:18","date_gmt":"2015-03-20T18:21:18","guid":{"rendered":"http:\/\/cpnn-world.org\/temp\/?page_id=795"},"modified":"2015-03-20T14:21:18","modified_gmt":"2015-03-20T18:21:18","slug":"reporteur","status":"publish","type":"page","link":"https:\/\/french.cpnn-world.org\/?page_id=795","title":{"rendered":"Reporteurs"},"content":{"rendered":"<ul>\n<div class=\"page style\" style=\"width:80%;\">\n<big>CPNN a un bon potentiel pour fournir chaque jour des articles relatifs \u00e0 la Culture de Paix, de partout dans le monde. Une seule chose fait d\u00e9faut : un nombre suffisant de reporters qui, \u00e0 travers les continents, puisse \u00e9crire r\u00e9guli\u00e8rement au sujet de ce qui se passe. C &#8216;est l\u00e0 o\u00f9 vous entrez en jeu !!<\/p>\n<p>Vous \u00eates invit\u00e9(e) \u00e0 \u00eatre reporter ! C&#8217;est facile. Tout ce que vous avez \u00e0 faire est d&#8217;\u00e9crire un article sur la page <a href=\"?page_id=793\">ENVOYER UN RAPPORT<\/a> et nous envoyer une photo ou un logo qui illustre l&#8217;article<\/p>\n<p>Vous vous demandez probablement &#8220;Pourquoi devrais-je le faire ? Qu&#8217;est-ce que cela implique pour moi?&#8221;<\/p>\n<p>Voici les r\u00e9ponses de quelques reporters de CPNN \u00e0 la question: <\/p>\n<p>Cliquez sur la photo pour d\u00e9couvrir l&#8217;un des articles par le reporter.<\/p>\n<p align=\"center\">\n<div style='float:left; width:45%'>\n<p align=\"right\"><a href=\"http:\/\/cpnn-world.org\/cgi-bin\/read\/articlepage.cgi?ViewArticle=891\"><img loading=\"lazy\" decoding=\"async\" src=\"https:\/\/french.cpnn-world.org\/wp-content\/uploads\/2015\/03\/p891lb120h.jpg\" alt=\"p891lb120h\" width=\"200\" height=\"120\" class=\"alignnone size-full wp-image-1305\" \/><\/a><\/p>\n<p>&nbsp;<\/p>\n<p>&nbsp;<\/p>\n<p align=\"right\"><em><strong>&#8220;Pour nous, c&#8217;est important d&#8217;\u00eatre un reporter \u00e0 CPNN pour avoir un large public avec lequel nous pouvons partager la situation en Colombie, partager nos r\u00eaves et comment nous travaillons pour les r\u00e9aliser.&#8221;<\/strong><\/em> (Amada Benavides and Charlotte van der Tak, Colombie)<\/p>\n<p>&nbsp;<\/p>\n<p align=\"right\"><a href=\"http:\/\/cpnn-world.org\/cgi-bin\/read\/articlepage.cgi?ViewArticle=928\"><img loading=\"lazy\" decoding=\"async\" src=\"https:\/\/french.cpnn-world.org\/wp-content\/uploads\/2015\/03\/p928mm120h.jpg\" alt=\"p928mm120h\" width=\"200\" height=\"120\" class=\"alignnone size-full wp-image-1318\" \/><\/a><\/p>\n<p>&nbsp;<\/p>\n<p align=\"right\"><em><strong>&#8220;Etre un reporter de CPNN est un choix que j&#8217;ai fait moi-m\u00eame.Je le regarde comme une petite contribution de ma part pour faire avancer la Culture de Paix.Si chaque individu \u00e0 travers le monde faisait juste un pas vers la Paix, nous serions des millions \u00e0 travailler pour elle.&#8221;<\/strong><\/em>  (Priya Baligadoo, Ile Maurice)<\/p>\n<p>&nbsp;<\/p>\n<p align=\"right\"><a href=\"http:\/\/cpnn-world.org\/cgi-bin\/read\/articlepage.cgi?ViewArticle=869\"><img loading=\"lazy\" decoding=\"async\" src=\"https:\/\/french.cpnn-world.org\/wp-content\/uploads\/2015\/03\/p869kf120h.jpg\" alt=\"p869kf120h\" width=\"200\" height=\"120\" class=\"alignnone size-full wp-image-1326\" \/><\/a><\/p>\n<\/div>\n<div style='float:right; width:45%; margin-left:30px'>\n<em><strong>&#8220;Etre un reporter de CPNN est un modeste moyen pour contribuer au partage d&#8217;histoires sur la Paix et sur l&#8217;inspiration. Je sens que c&#8217;est un moyen pour offrir une alternative \u00e0 certains m\u00e9dia grand public qui focalisent habituellement sur la guerre et sur la peur.&#8221;<\/strong><\/em> (Skye Stephenson, USA)<\/p>\n<p>&nbsp;<\/p>\n<p><a href=\"http:\/\/cpnn-world.org\/cgi-bin\/read\/articlepage.cgi?ViewArticle=972\"><img loading=\"lazy\" decoding=\"async\" src=\"https:\/\/french.cpnn-world.org\/wp-content\/uploads\/2015\/03\/p972og120h.jpg\" alt=\"p972og120h\" width=\"200\" height=\"120\" class=\"alignnone size-full wp-image-1316\" \/><\/a><\/p>\n<p>&nbsp;<\/p>\n<p><em><strong>&#8220;Etre un journaliste pour CPNN signifie que je peux informer les gens interess\u00e9s et actifs dans la culture de Paix \u00e0 propos des groupes et des individus travaillant pour changer le monde, l\u00e0 o\u00f9 cela peut faire le plus de bien.&#8221;<\/strong><\/em> (Janet Hudgins, Canada) (Janet Hudgins, Canada)<\/p>\n<p>&nbsp;<\/p>\n<p><a href=\"http:\/\/cpnn-world.org\/cgi-bin\/read\/articlepage.cgi?ViewArticle=624\"><img loading=\"lazy\" decoding=\"async\" src=\"https:\/\/french.cpnn-world.org\/wp-content\/uploads\/2015\/03\/p624zn120h.jpg\" alt=\"p624zn120h\" width=\"200\" height=\"120\" class=\"alignnone size-full wp-image-1324\" \/><\/a><\/p>\n<p>&nbsp;<\/p>\n<p><em><strong>&#8220;Pour moi, faire partie de CPNN et d&#8217;y \u00eatre reporter est un engagement optimiste avec le monde ; il donne la possibilit\u00e9 de s&#8217;\u00e9lever au dessus du cynisme quotidien et de chercher l&#8217;inspiration pour croire qu&#8217;un autre monde est possible. La joie d&#8217;entendre des histoires que d&#8217;autres ont collect\u00e9es me donne la force de travailler \u00e0 une transformation sociale et \u00e0 la Culture de Paix pour donner un sens d&#8217;appartenance \u00e0 sa communaut\u00e9.&#8221;<\/strong><\/em> (Shreya Jani, Inde)<\/p>\n<\/div>\n<p><\/big>\n<\/div>\n<\/ul>\n","protected":false},"excerpt":{"rendered":"<p>CPNN a un bon potentiel pour fournir chaque jour des articles relatifs \u00e0 la Culture de Paix, de partout dans le monde. Une seule chose fait d\u00e9faut : un nombre suffisant de reporters qui, \u00e0 travers les continents, puisse \u00e9crire r\u00e9guli\u00e8rement au sujet de ce qui se passe. C &#8216;est l\u00e0 o\u00f9 vous entrez en &hellip; <a href=\"https:\/\/french.cpnn-world.org\/?page_id=795\" class=\"more-link\">Continue reading <span class=\"screen-reader-text\">Reporteurs<\/span> <span class=\"meta-nav\">&rarr;<\/span><\/a><\/p>\n","protected":false},"author":1,"featured_media":0,"parent":0,"menu_order":0,"comment_status":"closed","ping_status":"closed","template":"","meta":{"footnotes":""},"class_list":["post-795","page","type-page","status-publish","hentry"],"_links":{"self":[{"href":"https:\/\/french.cpnn-world.org\/index.php?rest_route=\/wp\/v2\/pages\/795","targetHints":{"allow":["GET"]}}],"collection":[{"href":"https:\/\/french.cpnn-world.org\/index.php?rest_route=\/wp\/v2\/pages"}],"about":[{"href":"https:\/\/french.cpnn-world.org\/index.php?rest_route=\/wp\/v2\/types\/page"}],"author":[{"embeddable":true,"href":"https:\/\/french.cpnn-world.org\/index.php?rest_route=\/wp\/v2\/users\/1"}],"replies":[{"embeddable":true,"href":"https:\/\/french.cpnn-world.org\/index.php?rest_route=%2Fwp%2Fv2%2Fcomments&post=795"}],"version-history":[{"count":0,"href":"https:\/\/french.cpnn-world.org\/index.php?rest_route=\/wp\/v2\/pages\/795\/revisions"}],"wp:attachment":[{"href":"https:\/\/french.cpnn-world.org\/index.php?rest_route=%2Fwp%2Fv2%2Fmedia&parent=795"}],"curies":[{"name":"wp","href":"https:\/\/api.w.org\/{rel}","templated":true}]}}